000
CXUS53 KILX 012300
CF6PIA
PRELIMINARY LOCAL CLIMATOLOGICAL DATA (WS FORM: F-6)

                                          STATION:   PEORIA IL
                                          MONTH:     MARCH
                                          YEAR:      2015
                                          LATITUDE:   40 40 N
                                          LONGITUDE:  89 41 W

  TEMPERATURE IN F:       :PCPN:    SNOW:  WIND      :SUNSHINE: SKY     :PK WND
================================================================================
1   2   3   4   5  6A  6B    7    8   9   10  11  12  13   14  15   16   17  18
                                     12Z  AVG MX 2MIN
DY MAX MIN AVG DEP HDD CDD  WTR  SNW DPTH SPD SPD DIR MIN PSBL S-S WX    SPD DR
================================================================================

 1  29  20  25  -9  40   0 0.19  2.7    3  4.0 13 280   M    M   6 128    16 280
 2  36  17  27  -8  38   0    T    T    4  5.4 12 130   M    M   2 8      15 140
 3  39  28  34  -1  31   0 0.08  0.0    3 11.2 24 170   M    M   9 168    33 170
 4  30  13  22 -14  43   0 0.00  0.0    2  9.4 18 310   M    M   3        25 340
 5  17   3  10 -26  55   0 0.00  0.0    2  5.8 14 300   M    M   1        19 280
 6  34   3  19 -18  46   0 0.00  0.0    2 11.5 23 210   M    M   0        30 210
 7  51  29  40   3  25   0 0.00  0.0    2  7.7 17 280   M    M   1 8      24 270
 8  51  27  39   2  26   0 0.00  0.0    0  3.6 12 180   M    M   2 18     14 180
 9  54  29  42   4  23   0 0.00  0.0    0  6.8 14 170   M    M   4 18     17 160
10  61  39  50  12  15   0    T  0.0    0  3.1  8 200   M    M   3 18     10 190
11  62  32  47   8  18   0 0.00  0.0    0  5.2 15  50   M    M   2 128    19  60
12  60  33  47   8  18   0 0.00  0.0    0  8.4 18 130   M    M   0 8      24 130
13  68  42  55  15  10   0 0.00  0.0    0  3.4 12 160   M    M   1 18     14 160
14  64  46  55  15  10   0 0.00  0.0    0  7.0 16 320   M    M   0 18     22 330
15  70  31  51  11  14   0 0.00  0.0    0  8.5 20 220   M    M   0 8      24 200
16  79  47  63  22   2   0 0.00  0.0    0 10.5 24 200   M    M   0        29 200
17  58  36  47   6  18   0 0.00  0.0    0  9.2 24  40   M    M   2        33  40
18  48  32  40  -2  25   0 0.00  0.0    0  3.9 12  90   M    M   2        16 110
19  51  38  45   3  20   0 0.04  0.0    0  7.5 15 140   M    M   7        22 190
20  46  39  43   1  22   0 0.00  0.0    0  6.6 14 240   M    M   8 18     18 240
21  63  33  48   5  17   0 0.00  0.0    0  6.9 14  40   M    M   1 12     23  30
22  54  34  44   1  21   0 0.00  0.0    0 13.4 22  70   M    M   1        27 100
23  38  32  35  -9  30   0 0.11  0.0    0 14.3 23  70   M    M   9 6      29  80
24  46  29  38  -6  27   0 0.18  0.0    0 11.8 21 120   M    M   8 1      29 110
25  45  39  42  -2  23   0    T  0.0    0  7.3 18 280   M    M   9 18     25 290
26  50  31  41  -4  24   0 0.00  0.0    0  8.5 20 320   M    M   2        27 310
27  38  25  32 -13  33   0 0.00  0.0    0  6.6 18  20   M    M   1        25 360
28  43  22  33 -12  32   0 0.00  0.0    0  5.3 12 180   M    M   0        16 160
29  58  31  45  -1  20   0 0.05  0.0    0 14.7 26 220   M    M   3        33 180
30  71  34  53   7  12   0 0.00  0.0    0  9.8 22 270   M    M   0        27 250
31  70  49  60  13   5   0 0.00  0.0    0  7.5 18 270   M    M   0        26 270
================================================================================
SM 1584  943       743   0  0.65     2.7 244.8          M       87
================================================================================
AV 51.1 30.4                               7.9 FASTST   M    M   3    MAX(MPH)
                                 MISC ---->  # 26 220               # 33  170
================================================================================
NOTES:
# LAST OF SEVERAL OCCURRENCES

COLUMN 17 PEAK WIND IN M.P.H.

PRELIMINARY LOCAL CLIMATOLOGICAL DATA (WS FORM: F-6) , PAGE 2

                                          STATION:  PEORIA IL
                                          MONTH:    MARCH
                                          YEAR:     2015
                                          LATITUDE:   40 40 N
                                          LONGITUDE:  89 41 W

[TEMPERATURE DATA]      [PRECIPITATION DATA]       SYMBOLS USED IN COLUMN 16

AVERAGE MONTHLY: 40.8   TOTAL FOR MONTH:   0.65    1 = FOG OR MIST
DPTR FM NORMAL:   0.2   DPTR FM NORMAL:   -2.15    2 = FOG REDUCING VISIBILITY
HIGHEST:    79 ON 16    GRTST 24HR  0.19 ON  1- 1      TO 1/4 MILE OR LESS
LOWEST:      3 ON  6, 5                            3 = THUNDER
                        SNOW, ICE PELLETS, HAIL    4 = ICE PELLETS
                        TOTAL MONTH:   2.7 INCHES  5 = HAIL
                        GRTST 24HR   2.7 ON   M    6 = FREEZING RAIN OR DRIZZLE
                        GRTST DEPTH:   4 ON  2     7 = DUSTSTORM OR SANDSTORM:
                                                       VSBY 1/2 MILE OR LESS
                                                   8 = SMOKE OR HAZE
[NO. OF DAYS WITH]      [WEATHER - DAYS WITH]      9 = BLOWING SNOW
                                                   X = TORNADO
MAX 32 OR BELOW:   3    0.01 INCH OR MORE:   6
MAX 90 OR ABOVE:   0    0.10 INCH OR MORE:   3
MIN 32 OR BELOW:  18    0.50 INCH OR MORE:   0
MIN  0 OR BELOW:   0    1.00 INCH OR MORE:   0

[HDD (BASE 65) ]
TOTAL THIS MO.   743    CLEAR  (SCALE 0-3)  22
DPTR FM NORMAL   -13    PTCLDY (SCALE 4-7)   6
TOTAL FM JUL 1  5449    CLOUDY (SCALE 8-10)  3
DPTR FM NORMAL   177

[CDD (BASE 65) ]
TOTAL THIS MO.     0
DPTR FM NORMAL    -1    [PRESSURE DATA]
TOTAL FM JAN 1     0    HIGHEST SLP 30.63 ON  5
DPTR FM NORMAL    -1    LOWEST  SLP 29.73 ON  3

[REMARKS]
#FINAL-03-15#
