000
CXUS56 KSGX 181445
CF6SDM
PRELIMINARY LOCAL CLIMATOLOGICAL DATA (WS FORM: F-6)

                                          STATION:   SAN DIEGO/BROWN
                                          MONTH:     APRIL
                                          YEAR:      2015
                                          LATITUDE:   32 34 N
                                          LONGITUDE: 116 59 W

  TEMPERATURE IN F:       :PCPN:    SNOW:  WIND      :SUNSHINE: SKY     :PK WND
================================================================================
1   2   3   4   5  6A  6B    7    8   9   10  11  12  13   14  15   16   17  18
                                     12Z  AVG MX 2MIN
DY MAX MIN AVG DEP HDD CDD  WTR  SNW DPTH SPD SPD DIR MIN PSBL S-S WX    SPD DR
================================================================================

 1  72  55  64   7   1   0 0.00  0.0    0  5.5 13 250   M    M   4 8      19 250
 2  75  54  65   8   0   0 0.00  0.0    0  5.2 16 270   M    M   3 8      24 270
 3  89  49  69  11   0   4 0.00  0.0    0  4.8 20 120   M    M   0 8      24 140
 4  80  53  67   9   0   2 0.00  0.0    0  4.9 15 280   M    M   0        19 280
 5  71  50  61   3   4   0 0.00  0.0    0  7.3 16 260   M    M   4        22 200
 6  66  51  59   1   6   0 0.00  0.0    0  5.5 15 290   M    M   3        19 280
 7  67  51  59   1   6   0 0.03  0.0    0  5.5 17 270   M    M   4 18     21 280
 8  66  51  59   1   6   0 0.00  0.0    0  5.2 15 280   M    M   2        20 290
 9  69  44  57  -1   8   0 0.00  0.0    0  5.3 14 260   M    M   0        19 260
10  69  53  61   3   4   0 0.00  0.0    0  4.4 15 270   M    M   3        19 280
11  71  49  60   2   5   0 0.00  0.0    0  4.9 14 270   M    M   0 1      18 290
12  72  48  60   1   5   0 0.00  0.0    0  4.2 13 280   M    M   0        17 270
13  73  56  65   6   0   0 0.00  0.0    0  5.4 13 280   M    M   5 1      19 310
14  73  53  63   4   2   0 0.00  0.0    0  5.3 17 280   M    M   4 8      25 280
15  76  51  64   5   1   0 0.00  0.0    0  4.5 16 280   M    M   1 128    23 250
16  80  53  67   8   0   2 0.00  0.0    0  7.6 17 270   M    M   0        22 130
17  80  47  64   5   1   0 0.00  0.0    0  6.5 17 280   M    M   0        25 270
================================================================================
SM 1249  868        49   8  0.03     0.0  92.0          M       33
================================================================================
AV 73.5 51.1                               5.4 FASTST   M    M   2    MAX(MPH)
                                 MISC ---->  # 20 120               # 25  280
================================================================================
NOTES:
# LAST OF SEVERAL OCCURRENCES

COLUMN 17 PEAK WIND IN M.P.H.

PRELIMINARY LOCAL CLIMATOLOGICAL DATA (WS FORM: F-6) , PAGE 2

                                          STATION:  SAN DIEGO/BROWN
                                          MONTH:    APRIL
                                          YEAR:     2015
                                          LATITUDE:   32 34 N
                                          LONGITUDE: 116 59 W

[TEMPERATURE DATA]      [PRECIPITATION DATA]       SYMBOLS USED IN COLUMN 16

AVERAGE MONTHLY: 62.3   TOTAL FOR MONTH:   0.03    1 = FOG OR MIST
DPTR FM NORMAL:   4.0   DPTR FM NORMAL:   -0.54    2 = FOG REDUCING VISIBILITY
HIGHEST:    89 ON  3    GRTST 24HR  0.03 ON  7- 7      TO 1/4 MILE OR LESS
LOWEST:     44 ON  9                               3 = THUNDER
                        SNOW, ICE PELLETS, HAIL    4 = ICE PELLETS
                        TOTAL MONTH:   0.0 INCH    5 = HAIL
                        GRTST 24HR     0.0         6 = FREEZING RAIN OR DRIZZLE
                        GRTST DEPTH:   0           7 = DUSTSTORM OR SANDSTORM:
                                                       VSBY 1/2 MILE OR LESS
                                                   8 = SMOKE OR HAZE
[NO. OF DAYS WITH]      [WEATHER - DAYS WITH]      9 = BLOWING SNOW
                                                   X = TORNADO
MAX 32 OR BELOW:   0    0.01 INCH OR MORE:   1
MAX 90 OR ABOVE:   0    0.10 INCH OR MORE:   0
MIN 32 OR BELOW:   0    0.50 INCH OR MORE:   0
MIN  0 OR BELOW:   0    1.00 INCH OR MORE:   0

[HDD (BASE 65) ]
TOTAL THIS MO.    49    CLEAR  (SCALE 0-3)  12
DPTR FM NORMAL   -70    PTCLDY (SCALE 4-7)   5
TOTAL FM JUL 1   733    CLOUDY (SCALE 8-10)  0
DPTR FM NORMAL  -817

[CDD (BASE 65) ]
TOTAL THIS MO.     8
DPTR FM NORMAL     8    [PRESSURE DATA]
TOTAL FM JAN 1    93    HIGHEST SLP M ON M
DPTR FM NORMAL    82    LOWEST  SLP 29.84 ON  5

[REMARKS]
