000
CDUS43 KUNR 270831
CLI2WX


CLIMATE REPORT
NATIONAL WEATHER SERVICE RAPID CITY SD
231 AM MDT MON APR 27 2015


...................................

...THE BUFFALO SD CLIMATE SUMMARY FOR APRIL 26 2015...

CLIMATE NORMAL PERIOD 1981 TO 2010
CLIMATE RECORD PERIOD 9999 TO 9999


WEATHER ITEM   OBSERVED TIME   NORMAL DEPARTURE LAST
                VALUE   (LST)  VALUE  FROM      YEAR
                                      NORMAL
......................................................
TEMPERATURE (F)
 YESTERDAY
  MAXIMUM         48    535 PM  60    -12       69
  MINIMUM         42   1037 AM  35      7       42
  AVERAGE         45            47     -2       56

PRECIPITATION (IN)
  YESTERDAY        0.15          0.07   0.08     0.00
  MONTH TO DATE    0.81          1.22  -0.41     0.27
  SINCE MAR 1      1.22          1.99  -0.77     1.15
  SINCE JAN 1      1.69          2.56  -0.87     1.73

DEGREE DAYS
 HEATING
  YESTERDAY       20            18      2        9
  MONTH TO DATE  528           582    -54      589
  SINCE MAR 1   1245          1588   -343     1698
  SINCE JUL 1   6703          7385   -682     7755

 COOLING
  YESTERDAY        0             0      0        0
  MONTH TO DATE    0             0      0        0
  SINCE MAR 1      0             0      0        0
  SINCE JAN 1      0             0      0        0
......................................................


WIND (MPH)
  HIGHEST WIND SPEED    20   HIGHEST WIND DIRECTION    NE (40)
  HIGHEST GUST SPEED    23   HIGHEST GUST DIRECTION    NE (40)
  AVERAGE WIND SPEED    12.3




RELATIVE HUMIDITY (PERCENT)
 HIGHEST   100          1100 AM
 LOWEST     89          1200 AM
 AVERAGE    95

..........................................................




SUNRISE AND SUNSET
APRIL 27 2015.........SUNRISE   549 AM MDT   SUNSET   756 PM MDT
APRIL 28 2015.........SUNRISE   547 AM MDT   SUNSET   757 PM MDT


-  INDICATES NEGATIVE NUMBERS.
R  INDICATES RECORD WAS SET OR TIED.
MM INDICATES DATA IS MISSING.
T  INDICATES TRACE AMOUNT.




$$
