000
CDUS43 KABR 280911
CLI8D3


CLIMATE REPORT
NATIONAL WEATHER SERVICE ABERDEEN SD
410 AM CDT TUE APR 28 2015


...................................

...THE SISSETON SD CLIMATE SUMMARY FOR APRIL 27 2015...

CLIMATE NORMAL PERIOD 1981 TO 2010
CLIMATE RECORD PERIOD 1900 TO 2015


WEATHER ITEM   OBSERVED TIME   RECORD YEAR NORMAL DEPARTURE LAST
                VALUE   (LST)  VALUE       VALUE  FROM      YEAR
                                                  NORMAL
..................................................................
TEMPERATURE (F)
 YESTERDAY
  MAXIMUM         72    439 PM  88    1952  63      9       45
  MINIMUM         30    554 AM  20    1934  38     -8       40
  AVERAGE         51                        50      1       43

PRECIPITATION (IN)
  YESTERDAY        0.00          2.70 1938   0.12  -0.12     0.82
  MONTH TO DATE    0.62                      1.87  -1.25     2.18
  SINCE MAR 1      1.55                      2.99  -1.44     3.02
  SINCE JAN 1      2.43                      3.85  -1.42     3.64

SNOWFALL (IN)
  YESTERDAY        0.0
  MONTH TO DATE    0.0
  SINCE OCT 1     28.9
  SINCE JUL 1     28.9
  SNOW DEPTH       0

DEGREE DAYS
 HEATING
  YESTERDAY       14                        15     -1       22
  MONTH TO DATE  491                       574    -83      655
  SINCE MAR 1   1407                      1657   -250     1854
  SINCE JUL 1   7676                      7916   -240     8671

 COOLING
  YESTERDAY        0                         0      0        0
  MONTH TO DATE    0                         0      0        0
  SINCE MAR 1      0                         0      0        0
  SINCE JAN 1      0                         0      0        0
..................................................................


WIND (MPH)
  HIGHEST WIND SPEED    18   HIGHEST WIND DIRECTION     N (340)
  HIGHEST GUST SPEED    23   HIGHEST GUST DIRECTION     N (340)
  AVERAGE WIND SPEED     5.3


SKY COVER
  POSSIBLE SUNSHINE  MM
  AVERAGE SKY COVER 0.0


WEATHER CONDITIONS
 THE FOLLOWING WEATHER WAS RECORDED YESTERDAY.
  NO SIGNIFICANT WEATHER WAS OBSERVED.


RELATIVE HUMIDITY (PERCENT)
 HIGHEST    78           600 AM
 LOWEST     14           300 PM
 AVERAGE    46

..........................................................


THE SISSETON SD CLIMATE NORMALS FOR TODAY
                         NORMAL    RECORD    YEAR
 MAXIMUM TEMPERATURE (F)   63        90      1934
                                             1987
 MINIMUM TEMPERATURE (F)   38        21      1958


SUNRISE AND SUNSET
APRIL 28 2015.........SUNRISE   621 AM CDT   SUNSET   831 PM CDT
APRIL 29 2015.........SUNRISE   619 AM CDT   SUNSET   832 PM CDT


-  INDICATES NEGATIVE NUMBERS.
R  INDICATES RECORD WAS SET OR TIED.
MM INDICATES DATA IS MISSING.
T  INDICATES TRACE AMOUNT.




$$
