000
CDUS44 KSJT 180654
CLIABI


CLIMATE REPORT
NATIONAL WEATHER SERVICE SAN ANGELO TX
153 AM CDT SAT APR 18 2015


...................................

...THE ABILENE CLIMATE SUMMARY FOR APRIL 17 2015...

CLIMATE NORMAL PERIOD 1981 TO 2010
CLIMATE RECORD PERIOD 1886 TO 2015


WEATHER ITEM   OBSERVED TIME   RECORD YEAR NORMAL DEPARTURE LAST
                VALUE   (LST)  VALUE       VALUE  FROM      YEAR
                                                  NORMAL
..................................................................
TEMPERATURE (F)
 YESTERDAY
  MAXIMUM         74    955 AM  98    2006  78     -4       64
  MINIMUM         58   1134 PM  30    1947  52      6       53
                                      1921
  AVERAGE         66                        65      1       59

PRECIPITATION (IN)
  YESTERDAY        0.72          1.52 1988   0.05   0.67      T
  MONTH TO DATE    1.19                      0.80   0.39     0.21
  SINCE MAR 1      2.79                      2.54   0.25     0.88
  SINCE JAN 1      6.30                      4.92   1.38     1.37

SNOWFALL (IN)
  YESTERDAY        0.0           0.0  2002   0.0    0.0      0.0
  MONTH TO DATE    0.0                       0.3   -0.3       T
  SINCE NOV 1      3.7                       4.7   -1.0      3.1
  SINCE JUL 1      3.7                       4.7   -1.0      3.1

DEGREE DAYS
 HEATING
  YESTERDAY        0                         3     -3        6
  MONTH TO DATE   34                        82    -48       86
  SINCE MAR 1    360                       380    -20      426
  SINCE JUL 1   2437                      2513    -76     2788

 COOLING
  YESTERDAY        1                         3     -2        0
  MONTH TO DATE   87                        43     44       77
  SINCE MAR 1    134                        72     62      116
  SINCE JAN 1    138                        77     61      121
..................................................................


WIND (MPH)
  HIGHEST WIND SPEED    28   HIGHEST WIND DIRECTION    SW (210)
  HIGHEST GUST SPEED    37   HIGHEST GUST DIRECTION    SW (220)
  AVERAGE WIND SPEED     8.8


SKY COVER
  POSSIBLE SUNSHINE  MM
  AVERAGE SKY COVER 0.7


WEATHER CONDITIONS
 THE FOLLOWING WEATHER WAS RECORDED YESTERDAY.
  THUNDERSTORM
  HEAVY RAIN
  RAIN
  LIGHT RAIN
  FOG


RELATIVE HUMIDITY (PERCENT)
 HIGHEST   100           100 PM
 LOWEST     73          1200 AM
 AVERAGE    87

..........................................................


THE ABILENE CLIMATE NORMALS FOR TODAY
                         NORMAL    RECORD    YEAR
 MAXIMUM TEMPERATURE (F)   78       102      1925
 MINIMUM TEMPERATURE (F)   53        35      1921


SUNRISE AND SUNSET
APRIL 18 2015.........SUNRISE   706 AM CDT   SUNSET   810 PM CDT
APRIL 19 2015.........SUNRISE   705 AM CDT   SUNSET   811 PM CDT


-  INDICATES NEGATIVE NUMBERS.
R  INDICATES RECORD WAS SET OR TIED.
MM INDICATES DATA IS MISSING.
T  INDICATES TRACE AMOUNT.




$$
