000
CDUS45 KABQ 030828
CLIABQ


CLIMATE REPORT
NATIONAL WEATHER SERVICE ALBUQUERQUE NM
226 AM MDT SUN MAY 3 2015


...................................

...THE ALBUQUERQUE  NM CLIMATE SUMMARY FOR MAY 2 2015...

CLIMATE NORMAL PERIOD 1981 TO 2010
CLIMATE RECORD PERIOD 1891 TO 2015


WEATHER ITEM   OBSERVED TIME   RECORD YEAR NORMAL DEPARTURE LAST
                VALUE   (LST)  VALUE       VALUE  FROM      YEAR
                                                  NORMAL
..................................................................
TEMPERATURE (F)
 YESTERDAY
  MAXIMUM         81   1258 PM  89    1943  74      7       75
                                      1902
  MINIMUM         53    535 AM  29    1967  48      5       41
  AVERAGE         67                        61      6       58

PRECIPITATION (IN)
  YESTERDAY        T             0.62 1931   0.02  -0.02
  MONTH TO DATE    T                         0.03  -0.03
  SINCE MAR 1      0.47                      1.21  -0.74
  SINCE JAN 1      1.78                      2.07  -0.29

SNOWFALL (IN)
  YESTERDAY        0.0
  MONTH TO DATE    0.0
  SINCE MAR 1      T
  SINCE JUL 1     15.2
  SNOW DEPTH       0

DEGREE DAYS
 HEATING
  YESTERDAY        0                         5     -5        7
  MONTH TO DATE    0                        10    -10       19
  SINCE MAR 1    605                       811   -206      743
  SINCE JUL 1   3526                      4114   -588     3886

 COOLING
  YESTERDAY        2                         1      1        0
  MONTH TO DATE    4                         2      2        0
  SINCE MAR 1      4                         9     -5        6
  SINCE JAN 1      4                         9     -5        6
..................................................................


WIND (MPH)
  HIGHEST WIND SPEED    41   HIGHEST WIND DIRECTION     W (280)
  HIGHEST GUST SPEED    51   HIGHEST GUST DIRECTION     W (270)
  AVERAGE WIND SPEED     7.7


SKY COVER
  POSSIBLE SUNSHINE  MM
  AVERAGE SKY COVER 0.6


WEATHER CONDITIONS
 THE FOLLOWING WEATHER WAS RECORDED YESTERDAY.
  THUNDERSTORM
  LIGHT RAIN


RELATIVE HUMIDITY (PERCENT)
 HIGHEST    43           600 AM
 LOWEST     14           100 PM
 AVERAGE    29

..........................................................


THE ALBUQUERQUE  NM CLIMATE NORMALS FOR TODAY
                         NORMAL    RECORD    YEAR
 MAXIMUM TEMPERATURE (F)   75        92      1947
 MINIMUM TEMPERATURE (F)   49        28      1915


SUNRISE AND SUNSET
MAY  3 2015...........SUNRISE   614 AM MDT   SUNSET   754 PM MDT
MAY  4 2015...........SUNRISE   613 AM MDT   SUNSET   754 PM MDT


-  INDICATES NEGATIVE NUMBERS.
R  INDICATES RECORD WAS SET OR TIED.
MM INDICATES DATA IS MISSING.
T  INDICATES TRACE AMOUNT.

$$
