000
CDUS43 KABR 270912
CLIABR


CLIMATE REPORT
NATIONAL WEATHER SERVICE ABERDEEN SD
411 AM CDT MON APR 27 2015


...................................

...THE ABERDEEN SD CLIMATE SUMMARY FOR APRIL 26 2015...

CLIMATE NORMAL PERIOD 1981 TO 2010
CLIMATE RECORD PERIOD 1893 TO 2015


WEATHER ITEM   OBSERVED TIME   RECORD YEAR NORMAL DEPARTURE LAST
                VALUE   (LST)  VALUE       VALUE  FROM      YEAR
                                                  NORMAL
..................................................................
TEMPERATURE (F)
 YESTERDAY
  MAXIMUM         69    435 PM  86    1952  63      6       61
                                      1899
  MINIMUM         39   1159 PM  20    1931  36      3       36
  AVERAGE         54                        49      5       49

PRECIPITATION (IN)
  YESTERDAY        0.00          1.75 1912   0.08  -0.08     0.01
                                      1906
  MONTH TO DATE    0.51                      1.50  -0.99     0.19
  SINCE MAR 1      0.74                      2.66  -1.92     0.96
  SINCE JAN 1      1.79                      3.68  -1.89     1.40

SNOWFALL (IN)
  YESTERDAY        0.0
  MONTH TO DATE    0.0
  SINCE OCT 1     20.2
  SINCE JUL 1     20.2
  SNOW DEPTH       0

DEGREE DAYS
 HEATING
  YESTERDAY       11                        16     -5       16
  MONTH TO DATE  445                       562   -117      625
  SINCE MAR 1   1370                      1650   -280     1847
  SINCE JUL 1   7638                      8113   -475     9006

 COOLING
  YESTERDAY        0                         0      0        0
  MONTH TO DATE    0                         0      0        0
  SINCE MAR 1      0                         0      0        0
  SINCE JAN 1      0                         0      0        0
..................................................................


WIND (MPH)
  HIGHEST WIND SPEED    15   HIGHEST WIND DIRECTION    SE (140)
  HIGHEST GUST SPEED    21   HIGHEST GUST DIRECTION    SE (140)
  AVERAGE WIND SPEED     7.8


SKY COVER
  POSSIBLE SUNSHINE  MM
  AVERAGE SKY COVER 0.3


WEATHER CONDITIONS
 THE FOLLOWING WEATHER WAS RECORDED YESTERDAY.
  NO SIGNIFICANT WEATHER WAS OBSERVED.


RELATIVE HUMIDITY (PERCENT)
 HIGHEST    77           400 AM
 LOWEST     26           400 PM
 AVERAGE    52

..........................................................


THE ABERDEEN SD CLIMATE NORMALS FOR TODAY
                         NORMAL    RECORD    YEAR
 MAXIMUM TEMPERATURE (F)   63        91      1897
 MINIMUM TEMPERATURE (F)   37        17      2005


SUNRISE AND SUNSET
APRIL 27 2015.........SUNRISE   629 AM CDT   SUNSET   835 PM CDT
APRIL 28 2015.........SUNRISE   627 AM CDT   SUNSET   836 PM CDT


-  INDICATES NEGATIVE NUMBERS.
R  INDICATES RECORD WAS SET OR TIED.
MM INDICATES DATA IS MISSING.
T  INDICATES TRACE AMOUNT.




$$
