000
CDUS41 KPHI 062129
CLIACY


CLIMATE REPORT
NATIONAL WEATHER SERVICE MOUNT HOLLY NJ
527 PM EDT WED MAY 6 2015


...................................

...THE ATLANTIC CITY NJ CLIMATE SUMMARY FOR MAY 6 2015...
VALID TODAY AS OF 0500 PM LOCAL TIME.

CLIMATE NORMAL PERIOD 1981 TO 2010
CLIMATE RECORD PERIOD 1874 TO 2015


WEATHER ITEM   OBSERVED TIME   RECORD YEAR NORMAL DEPARTURE LAST
                VALUE   (LST)  VALUE       VALUE  FROM      YEAR
                                                  NORMAL
..................................................................
TEMPERATURE (F)
 TODAY
  MAXIMUM         72    841 AM  91    1986  68      4       67
  MINIMUM         63    604 AM  33    1891  48     15       41
  AVERAGE         68                        58     10       54

PRECIPITATION (IN)
  TODAY            0.01          0.88 1912   0.11  -0.10     0.00
  MONTH TO DATE    0.09                      0.60  -0.51     0.03
  SINCE MAR 1      9.28                      8.44   0.84     9.40
  SINCE JAN 1     17.34                     14.53   2.81    17.95

SNOWFALL (IN)
  TODAY            0.0           0.0  1903   0.0    0.0      0.0
  MONTH TO DATE    0.0                       0.0    0.0      0.0
  SINCE MAR 1      7.4                       1.4    6.0     15.6
  SINCE JUL 1     22.4                      16.5    5.9     43.8
  SNOW DEPTH       0

DEGREE DAYS
 HEATING
  TODAY            0                         8     -8       11
  MONTH TO DATE   31                        51    -20       41
  SINCE MAR 1   1230                      1164     66     1354
  SINCE JUL 1   5105                      4755    350     5217

 COOLING
  TODAY            3                         1      2        0
  MONTH TO DATE   13                         6      7        1
  SINCE MAR 1     13                        15     -2        1
  SINCE JAN 1     13                        15     -2        1
..................................................................


WIND (MPH)
  HIGHEST WIND SPEED    22   HIGHEST WIND DIRECTION     E (80)
  HIGHEST GUST SPEED    30   HIGHEST GUST DIRECTION    NE (50)
  AVERAGE WIND SPEED     9.3


SKY COVER
  POSSIBLE SUNSHINE  MM
  AVERAGE SKY COVER 0.5


WEATHER CONDITIONS
 THE FOLLOWING WEATHER WAS RECORDED TODAY.
  LIGHT RAIN
  FOG
  HAZE


RELATIVE HUMIDITY (PERCENT)
 HIGHEST    93           100 AM
 LOWEST     47          1000 AM
 AVERAGE    70

..........................................................


THE ATLANTIC CITY NJ CLIMATE NORMALS FOR TOMORROW
                         NORMAL    RECORD    YEAR
 MAXIMUM TEMPERATURE (F)   69        93      2000
 MINIMUM TEMPERATURE (F)   48        31      1981


SUNRISE AND SUNSET
MAY  6 2015...........SUNRISE   554 AM EDT   SUNSET   757 PM EDT
MAY  7 2015...........SUNRISE   553 AM EDT   SUNSET   757 PM EDT


-  INDICATES NEGATIVE NUMBERS.
R  INDICATES RECORD WAS SET OR TIED.
MM INDICATES DATA IS MISSING.
T  INDICATES TRACE AMOUNT.




$$
