000
CDUS44 KLCH 270809
CLIAEX


CLIMATE REPORT
NATIONAL WEATHER SERVICE LAKE CHARLES, LA
308 AM CDT MON APR 27 2015


...................................

...THE ALEXANDRIA CLIMATE SUMMARY FOR APRIL 26 2015...

CLIMATE NORMAL PERIOD 1981 TO 2010
CLIMATE RECORD PERIOD 1892 TO 2015


WEATHER ITEM   OBSERVED TIME   RECORD YEAR NORMAL DEPARTURE LAST
                VALUE   (LST)  VALUE       VALUE  FROM      YEAR
                                                  NORMAL
..................................................................
TEMPERATURE (F)
 YESTERDAY
  MAXIMUM         85    141 PM  91    1944  81      4       87
                                      1925
  MINIMUM         64    405 AM  35    1910  58      6       54
  AVERAGE         75                        69      6       71

PRECIPITATION (IN)
  YESTERDAY        0.00          2.93 1997   0.07  -0.07     0.00
  MONTH TO DATE    6.24                      4.01   2.23     2.99
  SINCE MAR 1     12.04                      9.06   2.98     6.90
  SINCE JAN 1     17.14                     18.74  -1.60    13.28

SNOWFALL (IN)
  YESTERDAY        0.0           0.0    MM  MM     MM        0.0
  MONTH TO DATE    0.0                      MM     MM        0.0
  SINCE MAR 1      0.3                      MM     MM        0.2
  SINCE JUL 1      0.3                      MM     MM        5.0
  SNOW DEPTH       0

DEGREE DAYS
 HEATING
  YESTERDAY        0                         1     -1        0
  MONTH TO DATE   16                        64    -48       81
  SINCE MAR 1    197                       279    -82      398
  SINCE JUL 1   2048                      1944    104     2414

 COOLING
  YESTERDAY       10                         5      5        6
  MONTH TO DATE  140                        84     56       79
  SINCE MAR 1    184                       120     64       92
  SINCE JAN 1    185                       137     48      103
..................................................................


WIND (MPH)
  HIGHEST WIND SPEED    13   HIGHEST WIND DIRECTION    SE (130)
  HIGHEST GUST SPEED    16   HIGHEST GUST DIRECTION    SE (140)
  AVERAGE WIND SPEED     3.6


SKY COVER
  POSSIBLE SUNSHINE  MM
  AVERAGE SKY COVER 0.2


WEATHER CONDITIONS
 THE FOLLOWING WEATHER WAS RECORDED YESTERDAY.
  FOG
  FOG W/VISIBILITY <= 1/4 MILE
  HAZE


RELATIVE HUMIDITY (PERCENT)
 HIGHEST   100           500 AM
 LOWEST     58           200 PM
 AVERAGE    79

..........................................................


THE ALEXANDRIA CLIMATE NORMALS FOR TODAY
                         NORMAL    RECORD    YEAR
 MAXIMUM TEMPERATURE (F)   81        93      2011
                                             1905
 MINIMUM TEMPERATURE (F)   58        39      1910


SUNRISE AND SUNSET
APRIL 27 2015.........SUNRISE   629 AM CDT   SUNSET   747 PM CDT
APRIL 28 2015.........SUNRISE   628 AM CDT   SUNSET   747 PM CDT


-  INDICATES NEGATIVE NUMBERS.
R  INDICATES RECORD WAS SET OR TIED.
MM INDICATES DATA IS MISSING.
T  INDICATES TRACE AMOUNT.




$$
