000
CDUS45 KBOU 280725
CLIAKO


CLIMATE REPORT
NATIONAL WEATHER SERVICE BOULDER, CO
125 AM MDT TUE APR 28 2015


...................................

...THE AKRON CO CLIMATE SUMMARY FOR APRIL 27 2015...

CLIMATE NORMAL PERIOD 1981 TO 2010
CLIMATE RECORD PERIOD 9999 TO 9999


WEATHER ITEM   OBSERVED TIME   RECORD YEAR NORMAL DEPARTURE LAST
                VALUE   (LST)  VALUE       VALUE  FROM      YEAR
                                                  NORMAL
..................................................................
TEMPERATURE (F)
 YESTERDAY
  MAXIMUM         55    412 PM  84    1953  65    -10
  MINIMUM         40    530 AM  21    1994  37      3
  AVERAGE         48                        51     -3

PRECIPITATION (IN)
  YESTERDAY        0.08          0.97 1938   0.07   0.01     0.13
  MONTH TO DATE    1.27                      1.43  -0.16     0.73
  SINCE MAR 1      1.49                      2.30  -0.81     1.16
  SINCE JAN 1      1.77                      3.04  -1.27     1.59

DEGREE DAYS
 HEATING
  YESTERDAY       17
  MONTH TO DATE  436

 COOLING
  YESTERDAY        0
  MONTH TO DATE    0
..................................................................


WIND (MPH)
  HIGHEST WIND SPEED    17   HIGHEST WIND DIRECTION     N (360)
  HIGHEST GUST SPEED    23   HIGHEST GUST DIRECTION     N (360)




RELATIVE HUMIDITY (PERCENT)
 HIGHEST   100
 LOWEST     50
 AVERAGE    75

..........................................................


THE AKRON CO CLIMATE NORMALS FOR TODAY
                         NORMAL    RECORD    YEAR
 MAXIMUM TEMPERATURE (F)   65        83      2010
 MINIMUM TEMPERATURE (F)   37        17      1984


SUNRISE AND SUNSET
APRIL 28 2015.........SUNRISE   557 AM MDT   SUNSET   745 PM MDT
APRIL 29 2015.........SUNRISE   555 AM MDT   SUNSET   746 PM MDT


-  INDICATES NEGATIVE NUMBERS.
R  INDICATES RECORD WAS SET OR TIED.
MM INDICATES DATA IS MISSING.
T  INDICATES TRACE AMOUNT.




$$
