000
CDUS44 KBMX 060811
CLIANB


CLIMATE REPORT
NATIONAL WEATHER SERVICE BIRMINGHAM, AL
309 AM CDT WED MAY 6 2015


...................................

...THE ANNISTON CLIMATE SUMMARY FOR MAY 5 2015...

CLIMATE NORMAL PERIOD 1981 TO 2010
CLIMATE RECORD PERIOD 1903 TO 2015


WEATHER ITEM   OBSERVED TIME   RECORD YEAR NORMAL DEPARTURE LAST
                VALUE   (LST)  VALUE       VALUE  FROM      YEAR
                                                  NORMAL
..................................................................
TEMPERATURE (F)
 YESTERDAY
  MAXIMUM         83    254 PM  92    1959  79      4       87
  MINIMUM         57    321 AM  39    2011  55      2       54
                                      1973
  AVERAGE         70                        67      3       71

PRECIPITATION (IN)
  YESTERDAY        0.00          2.71 1991   0.15  -0.15     0.00
  MONTH TO DATE    0.00                      0.72  -0.72     0.00
  SINCE MAR 1     13.83                      9.79   4.04    13.26
  SINCE JAN 1     21.99                     19.39   2.60    20.42

..................................................................


WIND (MPH)
  HIGHEST WIND SPEED    12   HIGHEST WIND DIRECTION     E (70)
  HIGHEST GUST SPEED    15   HIGHEST GUST DIRECTION     E (70)
  AVERAGE WIND SPEED     3.7


SKY COVER
  AVERAGE SKY COVER 0.1


WEATHER CONDITIONS
 THE FOLLOWING WEATHER WAS RECORDED YESTERDAY.
  HAZE


RELATIVE HUMIDITY (PERCENT)
 HIGHEST    86
 LOWEST     36
 AVERAGE    61

..........................................................


THE ANNISTON CLIMATE NORMALS FOR TODAY
                         NORMAL    RECORD    YEAR
 MAXIMUM TEMPERATURE (F)   79        93      1959
                                             1952
 MINIMUM TEMPERATURE (F)   56        38      1968


SUNRISE AND SUNSET
MAY  6 2015...........SUNRISE   550 AM CDT   SUNSET   730 PM CDT
MAY  7 2015...........SUNRISE   549 AM CDT   SUNSET   731 PM CDT


-  INDICATES NEGATIVE NUMBERS.
R  INDICATES RECORD WAS SET OR TIED.
MM INDICATES DATA IS MISSING.
T  INDICATES TRACE AMOUNT.




$$
