000
CDUS44 KBMX 010933
CLIANB


CLIMATE REPORT
NATIONAL WEATHER SERVICE BIRMINGHAM, AL
431 AM CDT WED APR 1 2015


...................................

...THE ANNISTON CLIMATE SUMMARY FOR MARCH 31 2015...

CLIMATE NORMAL PERIOD 1981 TO 2010
CLIMATE RECORD PERIOD 1903 TO 2015


WEATHER ITEM   OBSERVED TIME   RECORD YEAR NORMAL DEPARTURE LAST
                VALUE   (LST)  VALUE       VALUE  FROM      YEAR
                                                  NORMAL
..................................................................
TEMPERATURE (F)
 YESTERDAY
  MAXIMUM         78    253 PM  89    1963  70      8       78
  MINIMUM         45    536 AM  26    1950  46     -1       35
  AVERAGE         62                        58      4       57

PRECIPITATION (IN)
  YESTERDAY        1.01          1.70 1948   0.15   0.86     0.00
  MONTH TO DATE    5.58                      4.96   0.62     5.41
  SINCE MAR 1      5.58                      4.96   0.62     5.41
  SINCE JAN 1     13.74                     14.56  -0.82    12.57

SNOWFALL (IN)
  YESTERDAY        0.0                       0.0             0.0
  MONTH TO DATE    T                         0.7             0.0
  SINCE MAR 1      T                         0.7             0.0
  SINCE JUL 1      T                         1.8             2.3

DEGREE DAYS
 HEATING
  YESTERDAY        3
  MONTH TO DATE  246
  SINCE MAR 1    246
  SINCE JUL 1   2767
..................................................................


WIND (MPH)
  HIGHEST WIND SPEED    22   HIGHEST WIND DIRECTION    NW (310)
  HIGHEST GUST SPEED    41   HIGHEST GUST DIRECTION    NW (330)
  AVERAGE WIND SPEED     4.6


SKY COVER
  AVERAGE SKY COVER 0.4


WEATHER CONDITIONS
 THE FOLLOWING WEATHER WAS RECORDED YESTERDAY.
  THUNDERSTORM
  HEAVY RAIN
  RAIN
  LIGHT RAIN
  FOG
  HAZE


RELATIVE HUMIDITY (PERCENT)
 HIGHEST    97
 LOWEST     48
 AVERAGE    73

..........................................................


THE ANNISTON CLIMATE NORMALS FOR TODAY
                         NORMAL    RECORD    YEAR
 MAXIMUM TEMPERATURE (F)   71        87      1974
 MINIMUM TEMPERATURE (F)   46        27      1987


SUNRISE AND SUNSET
APRIL  1 2015.........SUNRISE   631 AM CDT   SUNSET   704 PM CDT
APRIL  2 2015.........SUNRISE   630 AM CDT   SUNSET   705 PM CDT


-  INDICATES NEGATIVE NUMBERS.
R  INDICATES RECORD WAS SET OR TIED.
MM INDICATES DATA IS MISSING.
T  INDICATES TRACE AMOUNT.




$$
