000
CDUS44 KLCH 180926
CLIARA


CLIMATE REPORT
NATIONAL WEATHER SERVICE LAKE CHARLES, LA
426 AM CDT SAT APR 18 2015


...................................

...THE NEW IBERIA CLIMATE SUMMARY FOR APRIL 17 2015...

CLIMATE NORMAL PERIOD 1981 TO 2010
CLIMATE RECORD PERIOD 1948 TO 2015


WEATHER ITEM   OBSERVED TIME   RECORD YEAR NORMAL DEPARTURE LAST
                VALUE   (LST)  VALUE       VALUE  FROM      YEAR
                                                  NORMAL
..................................................................
TEMPERATURE (F)
 YESTERDAY
  MAXIMUM         82    401 PM  89    2006  80      2       65
  MINIMUM         66    457 AM  42    1999  57      9       51
  AVERAGE         74                        68      6       58

PRECIPITATION (IN)
  YESTERDAY        0.16          3.30 1973   0.15   0.01     0.00
  MONTH TO DATE    6.72                      2.51   4.21     2.24
  SINCE MAR 1     10.60                      6.28   4.32     3.75
  SINCE JAN 1     17.06                     15.69   1.37    12.09

SNOWFALL (IN)
  YESTERDAY        0.0           0.0    MM  MM               0.0
  MONTH TO DATE    0.0                      MM               0.0
  SINCE MAR 1      T                        MM               0.0
  SINCE JUL 1      T                        MM               0.1

DEGREE DAYS
 HEATING
  YESTERDAY        0                         1     -1        7
  MONTH TO DATE    0                        37    -37       43
  SINCE MAR 1     72                       185   -113      256
  SINCE JUL 1   1415                      1401     14     1780

 COOLING
  YESTERDAY        9                         4      5        0
  MONTH TO DATE  121                        61     60       49
  SINCE MAR 1    213                       113    100       72
  SINCE JAN 1    217                       144     73       90
..................................................................


WIND (MPH)
  RESULTANT WIND SPEED   3   RESULTANT WIND DIRECTION  SE (120)
  HIGHEST WIND SPEED    17   HIGHEST WIND DIRECTION    SE (140)
  HIGHEST GUST SPEED    22   HIGHEST GUST DIRECTION    SE (140)
  AVERAGE WIND SPEED     6.0


SKY COVER
  POSSIBLE SUNSHINE  MM
  AVERAGE SKY COVER 0.5


WEATHER CONDITIONS
 THE FOLLOWING WEATHER WAS RECORDED YESTERDAY.
  THUNDERSTORM
  HEAVY RAIN
  RAIN
  LIGHT RAIN
  FOG


RELATIVE HUMIDITY (PERCENT)
 HIGHEST    93           300 AM
 LOWEST     69           400 PM
 AVERAGE    81

..........................................................


THE NEW IBERIA CLIMATE NORMALS FOR TODAY
                         NORMAL    RECORD    YEAR
 MAXIMUM TEMPERATURE (F)   80        92      1948
 MINIMUM TEMPERATURE (F)   57        43      1999
                                             1997


SUNRISE AND SUNSET
APRIL 18 2015.........SUNRISE   638 AM CDT   SUNSET   737 PM CDT
APRIL 19 2015.........SUNRISE   637 AM CDT   SUNSET   737 PM CDT


-  INDICATES NEGATIVE NUMBERS.
R  INDICATES RECORD WAS SET OR TIED.
MM INDICATES DATA IS MISSING.
T  INDICATES TRACE AMOUNT.




$$
