000
CDUS43 KLOT 190632
CLIARR


CLIMATE REPORT
NATIONAL WEATHER SERVICE CHICAGO IL
132 AM CDT SUN APR 19 2015


...................................

...THE AURORA MUNICIPAL AIRPORT CLIMATE SUMMARY FOR APRIL 18 2015...

CLIMATE NORMAL PERIOD 1981 TO 2010
CLIMATE RECORD PERIOD 1998 TO 2015


WEATHER ITEM   OBSERVED TIME   RECORD YEAR NORMAL DEPARTURE LAST
                VALUE   (LST)  VALUE       VALUE  FROM      YEAR
                                                  NORMAL
..................................................................
TEMPERATURE (F)
 YESTERDAY
  MAXIMUM         72    111 PM  90    2002  61     11       63
  MINIMUM         49    537 AM  26    2010  38     11       31
                                      2001
  AVERAGE         61                        49     12       47

PRECIPITATION (IN)
  YESTERDAY        0.00          2.42 2013   0.11  -0.11     0.00
  MONTH TO DATE    2.88                      1.87   1.01     1.38
  SINCE MAR 1      3.26                      4.10  -0.84     2.10
  SINCE JAN 1      3.94                      7.19  -3.25     3.95

DEGREE DAYS
 HEATING
  YESTERDAY        4                        16    -12       18
  MONTH TO DATE  230                       335   -105      348
  SINCE MAR 1   1175                      1205    -30     1429
  SINCE JUL 1   6630                      6343    287     7005

 COOLING
  YESTERDAY        0                         0      0        0
  MONTH TO DATE    0                         0      0        0
  SINCE MAR 1      0                         0      0        0
  SINCE JAN 1      0                         0      0        0
..................................................................


WIND (MPH)
  RESULTANT WIND SPEED  10   RESULTANT WIND DIRECTION  NE (60)
  HIGHEST WIND SPEED    22   HIGHEST WIND DIRECTION     E (70)
  HIGHEST GUST SPEED    27   HIGHEST GUST DIRECTION     E (70)
  AVERAGE WIND SPEED    10.9


SKY COVER
  POSSIBLE SUNSHINE  MM
  AVERAGE SKY COVER 0.1


WEATHER CONDITIONS
 THE FOLLOWING WEATHER WAS RECORDED YESTERDAY.
  HAZE


RELATIVE HUMIDITY (PERCENT)
 HIGHEST    80           300 AM
 LOWEST     33          1200 PM
 AVERAGE    57

..........................................................


THE AURORA MUNICIPAL AIRPORT CLIMATE NORMALS FOR TODAY
                         NORMAL    RECORD    YEAR
 MAXIMUM TEMPERATURE (F)   61        80      2005
 MINIMUM TEMPERATURE (F)   38        28      1999


SUNRISE AND SUNSET
APRIL 19 2015.........SUNRISE   608 AM CDT   SUNSET   739 PM CDT
APRIL 20 2015.........SUNRISE   606 AM CDT   SUNSET   740 PM CDT


-  INDICATES NEGATIVE NUMBERS.
R  INDICATES RECORD WAS SET OR TIED.
MM INDICATES DATA IS MISSING.
T  INDICATES TRACE AMOUNT.




$$
