000
CDUS43 KABR 051355
CLIATY


CLIMATE REPORT
NATIONAL WEATHER SERVICE ABERDEEN SD
855 AM CDT TUE MAY 5 2015


...................................

...THE WATERTOWN SD CLIMATE SUMMARY FOR MAY 4 2015...

CLIMATE NORMAL PERIOD 1981 TO 2010
CLIMATE RECORD PERIOD 1898 TO 2015


WEATHER ITEM   OBSERVED TIME   RECORD YEAR NORMAL DEPARTURE LAST
                VALUE   (LST)  VALUE       VALUE  FROM      YEAR
                                                  NORMAL
..................................................................
TEMPERATURE (F)
 YESTERDAY
  MAXIMUM         69    435 PM  90    1949  64      5       48
  MINIMUM         36    421 AM  19    1967  40     -4       34
  AVERAGE         53                        52      1       41

PRECIPITATION (IN)
  YESTERDAY        0.00          0.75 1912   0.08  -0.08     0.05
  MONTH TO DATE    0.05                      0.33  -0.28     0.05
  SINCE MAR 1      0.79                      3.46  -2.67     2.61
  SINCE JAN 1      1.44                      4.54  -3.10     3.04

DEGREE DAYS
 HEATING
  YESTERDAY       12                        13     -1       24
  MONTH TO DATE   24                        54    -30       81
  SINCE MAR 1   1506                      1794   -288     2058
  SINCE JUL 1   7898                      8205   -307     9024

 COOLING
  YESTERDAY        0                         0      0        0
  MONTH TO DATE    0                         0      0        0
  SINCE MAR 1      0                         2     -2        0
  SINCE JAN 1      0                         2     -2        0
..................................................................


WIND (MPH)
  HIGHEST WIND SPEED    15   HIGHEST WIND DIRECTION    NE (60)
  HIGHEST GUST SPEED    19   HIGHEST GUST DIRECTION     E (80)
  AVERAGE WIND SPEED     7.2


SKY COVER
  POSSIBLE SUNSHINE  MM
  AVERAGE SKY COVER 0.0


WEATHER CONDITIONS
 THE FOLLOWING WEATHER WAS RECORDED YESTERDAY.
  NO SIGNIFICANT WEATHER WAS OBSERVED.


RELATIVE HUMIDITY (PERCENT)
 HIGHEST    64           200 AM
 LOWEST     18           300 PM
 AVERAGE    41

..........................................................


THE WATERTOWN SD CLIMATE NORMALS FOR TODAY
                         NORMAL    RECORD    YEAR
 MAXIMUM TEMPERATURE (F)   65        91      1909
 MINIMUM TEMPERATURE (F)   41        23      1944


SUNRISE AND SUNSET
MAY  5 2015...........SUNRISE   613 AM CDT   SUNSET   839 PM CDT
MAY  6 2015...........SUNRISE   611 AM CDT   SUNSET   840 PM CDT


-  INDICATES NEGATIVE NUMBERS.
R  INDICATES RECORD WAS SET OR TIED.
MM INDICATES DATA IS MISSING.
T  INDICATES TRACE AMOUNT.




$$
