000
CDUS43 KGRB 260639
CLIAUW


CLIMATE REPORT
NATIONAL WEATHER SERVICE GREEN BAY
138 AM CDT SUN APR 26 2015


...................................

...THE WAUSAU WI CLIMATE SUMMARY FOR APRIL 25 2015...

CLIMATE NORMAL PERIOD 1981 TO 2010
CLIMATE RECORD PERIOD 1896 TO 2015


WEATHER ITEM   OBSERVED TIME   RECORD YEAR NORMAL DEPARTURE LAST
                VALUE   (LST)  VALUE       VALUE  FROM      YEAR
                                                  NORMAL
..................................................................
TEMPERATURE (F)
 YESTERDAY
  MAXIMUM         58    257 PM  85    1990  60     -2       57
  MINIMUM         34   1159 PM  23    1934  37     -3       36
  AVERAGE         46                        48     -2

PRECIPITATION (IN)
  YESTERDAY        0.00          1.21 1965   0.11  -0.11      T
  MONTH TO DATE    3.15                      2.20   0.95     2.85
  SINCE MAR 1      3.97                      3.96   0.01     3.60
  SINCE JAN 1      4.72                      5.90  -1.18     6.54

SNOWFALL (IN)
  YESTERDAY        0.0           4.9  1917   0.1   -0.1      0.0
  MONTH TO DATE    5.2                       3.7    1.5      8.4
  SINCE JUL 1     53.7                      59.0   -5.3     84.3
  SNOW DEPTH       0

DEGREE DAYS
 HEATING
  YESTERDAY       19                        17      2       18
  MONTH TO DATE  497                       553    -56      644
  SINCE MAR 1   1530                      1638   -108     1976
  SINCE JUL 1   8110                      7774    336     8923

 COOLING
  YESTERDAY        0                         0      0        0
  MONTH TO DATE    0                         0      0        0
  SINCE MAR 1      0                         0      0        0
  SINCE JAN 1      0                         0      0        0
..................................................................


WIND (MPH)
  HIGHEST WIND SPEED    21   HIGHEST WIND DIRECTION     E (90)
  HIGHEST GUST SPEED    27   HIGHEST GUST DIRECTION     E (90)
  AVERAGE WIND SPEED     9.1


SKY COVER
  POSSIBLE SUNSHINE  MM
  AVERAGE SKY COVER 0.6


WEATHER CONDITIONS
 THE FOLLOWING WEATHER WAS RECORDED YESTERDAY.
  NO SIGNIFICANT WEATHER WAS OBSERVED.


RELATIVE HUMIDITY (PERCENT)
 HIGHEST    59          1200 AM
 LOWEST     19           300 PM
 AVERAGE    39

..........................................................


THE WAUSAU WI CLIMATE NORMALS FOR TODAY
                         NORMAL    RECORD    YEAR
 MAXIMUM TEMPERATURE (F)   60        84      1962
                                             1915
 MINIMUM TEMPERATURE (F)   38        23      1958


SUNRISE AND SUNSET
APRIL 26 2015.........SUNRISE   556 AM CDT   SUNSET   757 PM CDT
APRIL 27 2015.........SUNRISE   554 AM CDT   SUNSET   759 PM CDT


-  INDICATES NEGATIVE NUMBERS.
R  INDICATES RECORD WAS SET OR TIED.
MM INDICATES DATA IS MISSING.
T  INDICATES TRACE AMOUNT.




$$
