000
CDUS41 KBGM 040551
CLIAVP


CLIMATE REPORT
NATIONAL WEATHER SERVICE BINGHAMTON NY
151 AM EDT MON MAY 4 2015


...................................

...THE AVOCA PA CLIMATE SUMMARY FOR MAY 3 2015...

CLIMATE NORMAL PERIOD 1981 TO 2010
CLIMATE RECORD PERIOD 1901 TO 2015


WEATHER ITEM   OBSERVED TIME   RECORD YEAR NORMAL DEPARTURE LAST
                VALUE   (LST)  VALUE       VALUE  FROM      YEAR
                                                  NORMAL
..................................................................
TEMPERATURE (F)
 YESTERDAY
  MAXIMUM         79    402 PM  88    2001  66     13       63
  MINIMUM         45    530 AM  28    1957  44      1       46
  AVERAGE         62                        55      7       55

PRECIPITATION (IN)
  YESTERDAY        0.00          1.44 1934   0.11  -0.11     0.02
  MONTH TO DATE    T                         0.32  -0.32     0.06
  SINCE MAR 1      4.84                      6.20  -1.36     5.14
  SINCE JAN 1      7.84                     10.60  -2.76    10.02

SNOWFALL (IN)
  YESTERDAY        0.0           0.0    MM   0.1   -0.1      0.0
  MONTH TO DATE    0.0                       0.2   -0.2      0.0
  SINCE MAR 1      9.0                      12.5   -3.5      3.1
  SINCE JUL 1     51.4                      46.4    5.0     58.9

DEGREE DAYS
 HEATING
  YESTERDAY        3                        10     -7       10
  MONTH TO DATE   19                        32    -13       22
  SINCE MAR 1   1466                      1399     67     1563
  SINCE JUL 1   6163                      6005    158     6386

 COOLING
  YESTERDAY        0                         0      0        0
  MONTH TO DATE    0                         0      0        0
  SINCE MAR 1      0                         6     -6        7
  SINCE JAN 1      0                         6     -6        7
..................................................................


WIND (MPH)
  HIGHEST WIND SPEED    10   HIGHEST WIND DIRECTION    SW (240)
  HIGHEST GUST SPEED    14   HIGHEST GUST DIRECTION    NW (310)
  AVERAGE WIND SPEED     4.2


SKY COVER
  AVERAGE SKY COVER 0.0



RELATIVE HUMIDITY (PERCENT)
 HIGHEST    58           400 AM
 LOWEST     19           300 PM
 AVERAGE    39

..........................................................


THE AVOCA PA CLIMATE NORMALS FOR TODAY
                         NORMAL    RECORD    YEAR
 MAXIMUM TEMPERATURE (F)   66        90      1913
 MINIMUM TEMPERATURE (F)   44        32      2002
                                             1978
                                             1926


SUNRISE AND SUNSET
MAY  4 2015...........SUNRISE   557 AM EDT   SUNSET   803 PM EDT
MAY  5 2015...........SUNRISE   556 AM EDT   SUNSET   804 PM EDT


-  INDICATES NEGATIVE NUMBERS.
R  INDICATES RECORD WAS SET OR TIED.
MM INDICATES DATA IS MISSING.
T  INDICATES TRACE AMOUNT.




$$
