000
CDUS41 KBOX 070602
CLIBDL


CLIMATE REPORT
NATIONAL WEATHER SERVICE TAUNTON MA
151 AM EDT THU MAY 7 2015


...................................

...THE HARTFORD CT CLIMATE SUMMARY FOR MAY 6 2015...

CLIMATE NORMAL PERIOD 1981 TO 2010
CLIMATE RECORD PERIOD 1904 TO 2015


WEATHER ITEM   OBSERVED TIME   RECORD YEAR NORMAL DEPARTURE LAST
                VALUE   (LST)  VALUE       VALUE  FROM      YEAR
                                                  NORMAL
..................................................................
TEMPERATURE (F)
 YESTERDAY
  MAXIMUM         76    242 PM  89    1930  68      8       66
  MINIMUM         53   1159 PM  32    1992  45      8       41
                                      1961
  AVERAGE         65                        57      8       54

PRECIPITATION (IN)
  YESTERDAY        0.00          2.72 1991   0.12  -0.12     0.00
  MONTH TO DATE    0.00                      0.74  -0.74     0.94
  SINCE MAR 1      6.06                      8.08  -2.02    11.12
  SINCE JAN 1     12.24                     14.20  -1.96    18.49

SNOWFALL (IN)
  YESTERDAY        0.0           T    1994   0.0    0.0      0.0
  MONTH TO DATE    0.0                       0.0    0.0      0.0
  SINCE MAR 1      9.0                       7.8    1.2      1.0
  SINCE JUL 1     63.8                      40.5   23.3     51.1
  SNOW DEPTH       0

DEGREE DAYS
 HEATING
  YESTERDAY        0                         9     -9       11
  MONTH TO DATE   20                        57    -37       50
  SINCE MAR 1   1478                      1372    106     1568
  SINCE JUL 1   6123                      5810    313     6247

 COOLING
  YESTERDAY        0                         0      0        0
  MONTH TO DATE   10                         0     10        0
  SINCE MAR 1     10                         6      4        1
  SINCE JAN 1     10                         6      4        1
..................................................................


WIND (MPH)
  RESULTANT WIND SPEED   1   RESULTANT WIND DIRECTION   S (160)
  HIGHEST WIND SPEED    16   HIGHEST WIND DIRECTION     S (200)
  HIGHEST GUST SPEED    20   HIGHEST GUST DIRECTION     S (190)
  AVERAGE WIND SPEED     7.6


SKY COVER
  POSSIBLE SUNSHINE  MM
  AVERAGE SKY COVER 0.6


WEATHER CONDITIONS
 THE FOLLOWING WEATHER WAS RECORDED YESTERDAY.
  NO SIGNIFICANT WEATHER WAS OBSERVED.


RELATIVE HUMIDITY (PERCENT)
 HIGHEST    57           100 AM
 LOWEST     20           100 PM
 AVERAGE    39

..........................................................


THE HARTFORD CT CLIMATE NORMALS FOR TODAY
                         NORMAL    RECORD    YEAR
 MAXIMUM TEMPERATURE (F)   69        93      2000
                                             1930
 MINIMUM TEMPERATURE (F)   45        28      2001


SUNRISE AND SUNSET
MAY  7 2015...........SUNRISE   540 AM EDT   SUNSET   756 PM EDT
MAY  8 2015...........SUNRISE   538 AM EDT   SUNSET   757 PM EDT


-  INDICATES NEGATIVE NUMBERS.
R  INDICATES RECORD WAS SET OR TIED.
MM INDICATES DATA IS MISSING.
T  INDICATES TRACE AMOUNT.




$$
