000
CDUS41 KCTP 250625
CLIBFD


CLIMATE REPORT
NATIONAL WEATHER SERVICE STATE COLLEGE PA
225 AM EDT SAT APR 25 2015


...................................

...THE BRADFORD CLIMATE SUMMARY FOR APRIL 24 2015...

CLIMATE NORMAL PERIOD 1981 TO 2010
CLIMATE RECORD PERIOD 1957 TO 2015


WEATHER ITEM   OBSERVED TIME   RECORD YEAR NORMAL DEPARTURE LAST
                VALUE   (LST)  VALUE       VALUE  FROM      YEAR
                                                  NORMAL
..................................................................
TEMPERATURE (F)
 YESTERDAY
  MAXIMUM         41    402 PM  82    1958  59    -18       55
  MINIMUM         26    518 AM  21    2002  35     -9       26
  AVERAGE         34                        47    -13       41

PRECIPITATION (IN)
  YESTERDAY        T             1.24 1961   0.11  -0.11     0.00
  MONTH TO DATE    4.21                      2.83   1.38     3.09
  SINCE MAR 1      6.55                      6.20   0.35     5.09
  SINCE JAN 1      9.39                     11.84  -2.45     8.62

DEGREE DAYS
 HEATING
  YESTERDAY       31                        13     18       24
  MONTH TO DATE  471                       415     56      497
  SINCE MAR 1   1640                      1452    188     1674
  SINCE JUL 1   7539                      7022    517     7340

 COOLING
  YESTERDAY        0                         0      0        0
  MONTH TO DATE    0                         0      0        2
  SINCE MAR 1      0                         0      0        2
  SINCE JAN 1      0                         0      0        2
..................................................................


WIND (MPH)
  HIGHEST WIND SPEED    28   HIGHEST WIND DIRECTION    NW (310)
  HIGHEST GUST SPEED    36   HIGHEST GUST DIRECTION     W (290)
  AVERAGE WIND SPEED    14.0


SKY COVER
  POSSIBLE SUNSHINE  MM
  AVERAGE SKY COVER 0.3


WEATHER CONDITIONS
 THE FOLLOWING WEATHER WAS RECORDED YESTERDAY.
  LIGHT SNOW


RELATIVE HUMIDITY (PERCENT)
 HIGHEST    81           100 AM
 LOWEST     38           300 PM
 AVERAGE    60

..........................................................


THE BRADFORD CLIMATE NORMALS FOR TODAY
                         NORMAL    RECORD    YEAR
 MAXIMUM TEMPERATURE (F)   59        82      2009
 MINIMUM TEMPERATURE (F)   35        17      1967


SUNRISE AND SUNSET
APRIL 25 2015.........SUNRISE   620 AM EDT   SUNSET   806 PM EDT
APRIL 26 2015.........SUNRISE   618 AM EDT   SUNSET   807 PM EDT


-  INDICATES NEGATIVE NUMBERS.
R  INDICATES RECORD WAS SET OR TIED.
MM INDICATES DATA IS MISSING.
T  INDICATES TRACE AMOUNT.




$$
