000
CDUS45 KCYS 250813
CLIBFF


CLIMATE REPORT
NATIONAL WEATHER SERVICE CHEYENNE WY
213 AM MDT SAT APR 25 2015


...................................

...THE SCOTTSBLUFF NE AIRPORT CLIMATE SUMMARY FOR APRIL 24 2015...

CLIMATE NORMAL PERIOD 1981 TO 2010
CLIMATE RECORD PERIOD 1871 TO 2015


WEATHER ITEM   OBSERVED TIME   RECORD YEAR NORMAL DEPARTURE LAST
                VALUE   (LST)  VALUE       VALUE  FROM      YEAR
                                                  NORMAL
..................................................................
TEMPERATURE (F)
 YESTERDAY
  MAXIMUM         74    241 PM  93    2012  64     10       68
  MINIMUM         39    509 AM  13    1898  35      4       29
  AVERAGE         57                        49      8       49

PRECIPITATION (IN)
  YESTERDAY        T             1.63 1942   0.07  -0.07     0.00
  MONTH TO DATE    2.52                      1.43   1.09     0.11
  SINCE JAN 1      3.63                      3.44   0.19     2.56

SNOWFALL (IN)
  YESTERDAY       MM            12.5  1907   0.1   MM        0.0
  MONTH TO DATE    0.5                       4.8   -4.3      1.1
  SINCE JUL 1     43.7                      41.0    2.7     61.5
  SNOW DEPTH       0

DEGREE DAYS
 HEATING
  YESTERDAY        8                        16     -8       16
  MONTH TO DATE  404                       465    -61      400
  SINCE MAR 1   1024                      1294   -270     1230
  SINCE JUL 1   5739                      6206   -467     6263

 COOLING
  YESTERDAY        0                         0      0        0
  MONTH TO DATE    0                         0      0        0
  SINCE MAR 1      0                         0      0        0
  SINCE JAN 1      0                         0      0        0
..................................................................


WIND (MPH)
  HIGHEST WIND SPEED    23   HIGHEST WIND DIRECTION    SW (240)
  HIGHEST GUST SPEED    29   HIGHEST GUST DIRECTION    SW (240)
  AVERAGE WIND SPEED     7.2


SKY COVER
  AVERAGE SKY COVER 0.2


WEATHER CONDITIONS
 THE FOLLOWING WEATHER WAS RECORDED YESTERDAY.
  THUNDERSTORM
  LIGHT RAIN


RELATIVE HUMIDITY (PERCENT)
 HIGHEST    80          1000 PM
 LOWEST     27           100 PM
 AVERAGE    54

..........................................................


THE SCOTTSBLUFF NE AIRPORT CLIMATE NORMALS FOR TODAY
                         NORMAL    RECORD    YEAR
 MAXIMUM TEMPERATURE (F)   65        86      1975
 MINIMUM TEMPERATURE (F)   35        21      2002


SUNRISE AND SUNSET
APRIL 25 2015.........SUNRISE   559 AM MDT   SUNSET   746 PM MDT
APRIL 26 2015.........SUNRISE   558 AM MDT   SUNSET   747 PM MDT


-  INDICATES NEGATIVE NUMBERS.
R  INDICATES RECORD WAS SET OR TIED.
MM INDICATES DATA IS MISSING.
T  INDICATES TRACE AMOUNT.




$$
