000
CDUS41 KRLX 192124
CLIBKW


CLIMATE REPORT
NATIONAL WEATHER SERVICE CHARLESTON WV
518 PM EDT SUN APR 19 2015


...................................

...THE BECKLEY WV CLIMATE SUMMARY FOR APRIL 19 2015...
VALID TODAY AS OF 0500 PM LOCAL TIME.

CLIMATE NORMAL PERIOD 1981 TO 2010
CLIMATE RECORD PERIOD 1963 TO 2015


WEATHER ITEM   OBSERVED TIME   RECORD YEAR NORMAL DEPARTURE LAST
                VALUE   (LST)  VALUE       VALUE  FROM      YEAR
                                                  NORMAL
..................................................................
TEMPERATURE (F)
 TODAY
  MAXIMUM         65    112 AM  84    1976  64      1       67
                                      1941
                                      1896
  MINIMUM         58    359 PM  20    1926  43     15       45
                                      1904
  AVERAGE         62                        53      9       56

PRECIPITATION (IN)
  TODAY            0.01          1.12 1901   0.11  -0.10     0.00
  MONTH TO DATE    5.00                      2.06   2.94     1.52
  SINCE MAR 1     10.69                      5.63   5.06     3.99
  SINCE JAN 1     17.34                     11.20   6.14     9.09

DEGREE DAYS
 HEATING
  TODAY            3                        12     -9        9
  MONTH TO DATE  162                       280   -118      222
  SINCE MAR 1    841                       992   -151     1040
  SINCE JUL 1   5174                      4993    181     5248

 COOLING
  TODAY            0                         0      0        0
  MONTH TO DATE    3                         0      3        5
  SINCE MAR 1      3                         1      2        5
  SINCE JAN 1      3                         1      2        5
..................................................................


WIND (MPH)
  HIGHEST WIND SPEED    28   HIGHEST WIND DIRECTION    SE (130)
  HIGHEST GUST SPEED    40   HIGHEST GUST DIRECTION    SE (120)
  AVERAGE WIND SPEED    13.2


SKY COVER
  POSSIBLE SUNSHINE  MM
  AVERAGE SKY COVER 0.6


WEATHER CONDITIONS
 THE FOLLOWING WEATHER WAS RECORDED TODAY.
  LIGHT RAIN


RELATIVE HUMIDITY (PERCENT)
 HIGHEST    80           200 PM
 LOWEST     56          1200 AM
 AVERAGE    68

..........................................................


THE BECKLEY WV CLIMATE NORMALS FOR TOMORROW
                         NORMAL    RECORD    YEAR
 MAXIMUM TEMPERATURE (F)   64        85      1976
 MINIMUM TEMPERATURE (F)   43        18      1904


SUNRISE AND SUNSET
APRIL 19 2015.........SUNRISE   644 AM EDT   SUNSET   804 PM EDT
APRIL 20 2015.........SUNRISE   643 AM EDT   SUNSET   805 PM EDT


-  INDICATES NEGATIVE NUMBERS.
R  INDICATES RECORD WAS SET OR TIED.
MM INDICATES DATA IS MISSING.
T  INDICATES TRACE AMOUNT.




$$
