000
CDUS45 KBOI 190121
CLIBOI


CLIMATE REPORT
NATIONAL WEATHER SERVICE BOISE ID
721 PM MDT SAT APR 18 2015


...................................

...THE BOISE ID CLIMATE SUMMARY FOR APRIL 18 2015...
VALID TODAY AS OF 0600 PM LOCAL TIME.

CLIMATE NORMAL PERIOD 1981 TO 2010
CLIMATE RECORD PERIOD 1878 TO 2015


WEATHER ITEM   OBSERVED TIME   RECORD YEAR NORMAL DEPARTURE LAST
                VALUE   (LST)  VALUE       VALUE  FROM      YEAR
                                                  NORMAL
..................................................................
TEMPERATURE (F)
 TODAY
  MAXIMUM         73    442 PM  89    1994  63     10       62
  MINIMUM         42    624 AM  21    1968  40      2       46
  AVERAGE         58                        51      7       54

PRECIPITATION (IN)
  TODAY            0.00          0.40 1881   0.04  -0.04     0.01
  MONTH TO DATE    0.54                      0.72  -0.18     0.77
  SINCE OCT 1      9.14                      7.99   1.15     9.03
  SINCE JAN 1      3.23                      4.34  -1.11     6.12

DEGREE DAYS
 HEATING
  TODAY            7                        14     -7       11
  MONTH TO DATE  292                       281     11      253
  SINCE MAR 1    759                       917   -158      841
  SINCE JUL 1   4354                      5076   -722     5181

 COOLING
  TODAY            0                         0      0        0
  MONTH TO DATE    0                         0      0        0
  SINCE MAR 1      0                         0      0        0
  SINCE JAN 1      0                         0      0        0
..................................................................


WIND (MPH)
  HIGHEST WIND SPEED    28   HIGHEST WIND DIRECTION    NW (320)
  HIGHEST GUST SPEED    35   HIGHEST GUST DIRECTION    NW (300)
  AVERAGE WIND SPEED    12.1



WEATHER CONDITIONS
 THE FOLLOWING WEATHER WAS RECORDED TODAY.
  NO SIGNIFICANT WEATHER WAS OBSERVED.


RELATIVE HUMIDITY (PERCENT)
 HIGHEST    65           700 AM
 LOWEST     16           500 PM
 AVERAGE    41

..........................................................


THE BOISE ID CLIMATE NORMALS FOR TOMORROW
                         NORMAL    RECORD    YEAR
 MAXIMUM TEMPERATURE (F)   63        87      1910
 MINIMUM TEMPERATURE (F)   40        22      1966


SUNRISE AND SUNSET
APRIL 18 2015.........SUNRISE   658 AM MDT   SUNSET   832 PM MDT
APRIL 19 2015.........SUNRISE   656 AM MDT   SUNSET   833 PM MDT


-  INDICATES NEGATIVE NUMBERS.
R  INDICATES RECORD WAS SET OR TIED.
MM INDICATES DATA IS MISSING.
T  INDICATES TRACE AMOUNT.




$$
