000
CDUS45 KRIW 180736
CLIBPI


CLIMATE REPORT
NATIONAL WEATHER SERVICE RIVERTON WY
136 AM MDT SAT APR 18 2015


...................................

...THE BIG PINEY WY CLIMATE SUMMARY FOR APRIL 17 2015...

CLIMATE NORMAL PERIOD 1981 TO 2010
CLIMATE RECORD PERIOD 1976 TO 2015


WEATHER ITEM   OBSERVED TIME   RECORD YEAR NORMAL DEPARTURE LAST
                VALUE   (LST)  VALUE       VALUE  FROM      YEAR
                                                  NORMAL
..................................................................
TEMPERATURE (F)
 YESTERDAY
  MAXIMUM         62    214 PM  74    1994  53      9       57
  MINIMUM         21    345 AM  11    1980  22     -1       15
  AVERAGE         42                        38      4       36

PRECIPITATION (IN)
  YESTERDAY        0.00          0.15 1995   0.02  -0.02     0.00
  MONTH TO DATE    0.12                      0.27  -0.15     0.02
  SINCE MAR 1      0.18                      0.71  -0.53     0.14
  SINCE JAN 1      0.24                      1.37  -1.13     0.18

DEGREE DAYS
 HEATING
  YESTERDAY       23                        27     -4       29
  MONTH TO DATE  511                       503      8      518
  SINCE MAR 1   1441                      1675   -234     1577
  SINCE JUL 1   7541                      9198  -1657     8521

 COOLING
  YESTERDAY        0                         0      0        0
  MONTH TO DATE    0                         0      0        0
  SINCE MAR 1      0                         0      0        0
  SINCE JAN 1      0                         0      0        0
..................................................................


WIND (MPH)
  HIGHEST WIND SPEED    23   HIGHEST WIND DIRECTION     E (80)
  HIGHEST GUST SPEED    27   HIGHEST GUST DIRECTION     E (90)
  AVERAGE WIND SPEED     7.4


SKY COVER
  POSSIBLE SUNSHINE  MM
  AVERAGE SKY COVER 0.0


WEATHER CONDITIONS
 THE FOLLOWING WEATHER WAS RECORDED YESTERDAY.
  NO SIGNIFICANT WEATHER WAS OBSERVED.


RELATIVE HUMIDITY (PERCENT)
 HIGHEST    92          1200 AM
 LOWEST     15           200 PM
 AVERAGE    54

..........................................................


THE BIG PINEY WY CLIMATE NORMALS FOR TODAY
                         NORMAL    RECORD    YEAR
 MAXIMUM TEMPERATURE (F)   53        73      1994
 MINIMUM TEMPERATURE (F)   22         2      2013


SUNRISE AND SUNSET
APRIL 18 2015.........SUNRISE   635 AM MDT   SUNSET   806 PM MDT
APRIL 19 2015.........SUNRISE   633 AM MDT   SUNSET   807 PM MDT


-  INDICATES NEGATIVE NUMBERS.
R  INDICATES RECORD WAS SET OR TIED.
MM INDICATES DATA IS MISSING.
T  INDICATES TRACE AMOUNT.




$$
