000
CDAK49 PABR 211012
CLIBRW

CLIMATE REPORT
NATIONAL WEATHER SERVICE BARROW, AK
212 AM AKDT TUE APR 21 2015

...................................
...THE BARROW WSO AP CLIMATE SUMMARY FOR APRIL 20 2015...

CLIMATE NORMAL PERIOD  1981 TO  2010
CLIMATE RECORD PERIOD  1915 TO  2015

WEATHER ITEM   OBSERVED TIME    RECORD YEAR NORMAL DEPARTURE LAST
               VALUE    (LST)   VALUE       VALUE  FROM      YEAR
                                                   NORMAL
...................................................................
TEMPERATURE
YESTERDAY
 MAXIMUM            23  0641 PM    34  1931     12      11     14
 MINIMUM            12  1155 PM   -28  1994     -2      14    -11
 AVERAGE            18                           5      13      2

PRECIPITATION
(INCHES)
 YESTERDAY           T           0.18  1926   0.01   -0.01      T
 MONTH TO DATE    0.18                        0.11    0.07   0.05
 SINCE MAR 1      0.46                        0.20    0.26   0.10
 SINCE JAN 1      1.03                        0.47    0.56   0.47

SNOWFALL
(INCHES)
 YESTERDAY           T            3.0  1926    0.1    -0.1      T
 MONTH TO DATE     4.1                         2.1     2.0    1.2
 SINCE MAR 1       7.5                         4.2     3.3    3.0
 SINCE JUL 1      50.6                        33.2    17.4   45.6
 SNOW DEPTH (IN)     7                                          7

DEGREE DAYS
 HEATING
  YESTERDAY         47                          60     -13     63
  MONTH TO DATE   1286                        1332     -46   1323
  SINCE MAR 1     3626                        3736    -110   3476
  SINCE JUL 1    15769                       16584    -815  15199

 COOLING
  YESTERDAY          0                           0       0      0
  MONTH TO DATE      0                           0       0      0
  SINCE MAR 1        0                           0       0      0
  SINCE JAN 1        0                           0       0      0
...................................................................

WIND (MPH)
 HIGHEST WIND SPEED    26     HIGHEST WIND DIRECTION     80
 HIGHEST GUST SPEED    31     HIGHEST GUST DIRECTION     70
 AVERAGE WIND SPEED  12.9

WEATHER CONDITIONS
 THE FOLLOWING WEATHER WAS RECORDED YESTERDAY.
  BLOWING SNOW
  SNOW

RELATIVE HUMIDITY
 HIGHEST RH     96 PERCENT  AT 1153 AM AST
 LOWEST  RH     84 PERCENT  AT  253 PM AST
 AVERAGE RH     88 PERCENT
...................................................................

THE BARROW CLIMATE NORMALS FOR TODAY
                           NORMAL    RECORD   YEAR
 MAXIMUM TEMPERATURE (F)     12        35     1931
 MINIMUM TEMPERATURE (F)     -1       -25     1969

SUNRISE AND SUNSET
 APR 21 2015..........SUNRISE  5:39 AM      SUNSET 11:18 PM
 APR 22 2015..........SUNRISE  5:33 AM      SUNSET 11:23 PM

-  INDICATES NEGATIVE NUMBERS.
R  INDICATES RECORD HAS BEEN SET OR TIED.
MM INDICATES DATA IS MISSING.
T  INDICATES TRACE OF PRECIPITATION.

&&
-------------------------------------------------------------------

AMOUNT OF DAYLIGHT TODAY  (HOUR:MIN)........17 HOURS 39 MINUTES
GAIN/LOSS SINCE YESTERDAY (HOUR:MIN:SEC)....+0:11:15

$$
RFL APR 15
