000
CDUS43 KLMK 062032
CLIBWG


CLIMATE REPORT
NATIONAL WEATHER SERVICE LOUISVILLE KY
431 PM EDT WED MAY 6 2015


...................................

...THE BOWLING GREEN CLIMATE SUMMARY FOR MAY 6 2015...
VALID TODAY AS OF 0400 PM LOCAL TIME.

CLIMATE NORMAL PERIOD 1981 TO 2010
CLIMATE RECORD PERIOD 1870 TO 2015


WEATHER ITEM   OBSERVED TIME   RECORD YEAR NORMAL DEPARTURE LAST
                VALUE   (LST)  VALUE       VALUE  FROM      YEAR
                                                  NORMAL
..................................................................
TEMPERATURE (F)
 TODAY
  MAXIMUM         85    210 PM  93    1930  75     10       86
                                      1916
  MINIMUM         58    446 AM  32    1891  52      6       55
  AVERAGE         72                        64      8       71

PRECIPITATION (IN)
  TODAY            0.00          3.22 1984   0.19  -0.19     0.00
  MONTH TO DATE    0.00                      1.10  -1.10      T
  SINCE MAR 1     15.35                      9.85   5.50    10.30
  SINCE JAN 1     21.23                     17.42   3.81    17.47

SNOWFALL (IN)
  TODAY            0.0           0.0    MM   0.0    0.0      0.0
  MONTH TO DATE    0.0                       0.0    0.0      0.0
  SINCE MAR 1      7.2                       1.3    5.9      5.1
  SINCE JUL 1     23.5                       9.1   14.4     10.4
  SNOW DEPTH       0

DEGREE DAYS
 HEATING
  TODAY            0                         4     -4        0
  MONTH TO DATE   16                        25     -9       28
  SINCE MAR 1    728                       796    -68      876
  SINCE JUL 1   4263                      3994    269     4485

 COOLING
  TODAY            7                         2      5        6
  MONTH TO DATE   14                        12      2       12
  SINCE MAR 1     49                        48      1       26
  SINCE JAN 1     49                        48      1       26
..................................................................


WIND (MPH)
  HIGHEST WIND SPEED    12   HIGHEST WIND DIRECTION    SE (120)
  HIGHEST GUST SPEED    15   HIGHEST GUST DIRECTION     W (260)
  AVERAGE WIND SPEED     2.1


SKY COVER
  POSSIBLE SUNSHINE   0 PERCENT
  AVERAGE SKY COVER 0.0


WEATHER CONDITIONS
 THE FOLLOWING WEATHER WAS RECORDED TODAY.
  NO SIGNIFICANT WEATHER WAS OBSERVED.


RELATIVE HUMIDITY (PERCENT)
 HIGHEST    MM
 LOWEST     MM
 AVERAGE    MM

..........................................................


THE BOWLING GREEN CLIMATE NORMALS FOR TOMORROW
                         NORMAL    RECORD    YEAR
 MAXIMUM TEMPERATURE (F)   75        92      1940
                                             1916
                                             1894
 MINIMUM TEMPERATURE (F)   52        32      1891


SUNRISE AND SUNSET
MAY  6 2015...........SUNRISE   546 AM CDT   SUNSET   739 PM CDT
MAY  7 2015...........SUNRISE   545 AM CDT   SUNSET   740 PM CDT


-  INDICATES NEGATIVE NUMBERS.
R  INDICATES RECORD WAS SET OR TIED.
MM INDICATES DATA IS MISSING.
T  INDICATES TRACE AMOUNT.




$$
