000
CDUS41 KLWX 250531
CLIBWI


CLIMATE REPORT
NATIONAL WEATHER SERVICE BALTIMORE MD/WASHINGTON DC
131 AM EDT SAT APR 25 2015


...................................

...THE BALTIMORE MD CLIMATE SUMMARY FOR APRIL 24 2015...

CLIMATE NORMAL PERIOD 1981 TO 2010
CLIMATE RECORD PERIOD 1870 TO 2015


WEATHER ITEM   OBSERVED TIME   RECORD YEAR NORMAL DEPARTURE LAST
                VALUE   (LST)  VALUE       VALUE  FROM      YEAR
                                                  NORMAL
..................................................................
TEMPERATURE (F)
 YESTERDAY
  MAXIMUM         58    455 PM  93    1960  68    -10       64
  MINIMUM         38    618 AM  32    2003  45     -7       36
  AVERAGE         48                        56     -8       50

PRECIPITATION (IN)
  YESTERDAY        0.00          1.18 1910   0.10  -0.10     0.00
  MONTH TO DATE    3.79                      2.56   1.23     3.35
  SINCE MAR 1      8.46                      6.46   2.00     7.73
  SINCE JAN 1     14.59                     12.41   2.18    15.02

SNOWFALL (IN)
  YESTERDAY        0.0           T    1930   0.0    0.0
  MONTH TO DATE    0.0                       0.0    0.0
  SINCE JUL 1     28.7                      20.1    8.6
  SNOW DEPTH       0

DEGREE DAYS
 HEATING
  YESTERDAY       17                         9      8       15
  MONTH TO DATE  244                       304    -60      300
  SINCE MAR 1   1021                       970     51     1113
  SINCE JUL 1   4836                      4565    271     4870

 COOLING
  YESTERDAY        0                         1     -1        0
  MONTH TO DATE    5                         6     -1        7
  SINCE MAR 1      5                         7     -2        7
  SINCE JAN 1      5                         7     -2        7
..................................................................


WIND (MPH)
  HIGHEST WIND SPEED    26   HIGHEST WIND DIRECTION     W (280)
  HIGHEST GUST SPEED    36   HIGHEST GUST DIRECTION     W (280)
  AVERAGE WIND SPEED    11.5


SKY COVER
  POSSIBLE SUNSHINE  MM
  AVERAGE SKY COVER 0.4


WEATHER CONDITIONS
 THE FOLLOWING WEATHER WAS RECORDED YESTERDAY.
  NO SIGNIFICANT WEATHER WAS OBSERVED.


RELATIVE HUMIDITY (PERCENT)
 HIGHEST    53          1200 AM
 LOWEST     23           300 PM
 AVERAGE    38

..........................................................


THE BALTIMORE MD CLIMATE NORMALS FOR TODAY
                         NORMAL    RECORD    YEAR
 MAXIMUM TEMPERATURE (F)   68        94      1960
 MINIMUM TEMPERATURE (F)   46        30      1956


SUNRISE AND SUNSET
APRIL 25 2015.........SUNRISE   616 AM EDT   SUNSET   754 PM EDT
APRIL 26 2015.........SUNRISE   615 AM EDT   SUNSET   755 PM EDT


-  INDICATES NEGATIVE NUMBERS.
R  INDICATES RECORD WAS SET OR TIED.
MM INDICATES DATA IS MISSING.
T  INDICATES TRACE AMOUNT.




$$
