000
CDUS45 KRIW 050031
CLIBYG


CLIMATE REPORT
NATIONAL WEATHER SERVICE RIVERTON WY
629 PM MDT MON MAY 4 2015


...................................

...THE BUFFALO WY CLIMATE SUMMARY FOR MAY 4 2015...
VALID TODAY AS OF 0500 PM LOCAL TIME.

CLIMATE NORMAL PERIOD 1981 TO 2010
CLIMATE RECORD PERIOD 1998 TO 2015


WEATHER ITEM   OBSERVED TIME   RECORD YEAR NORMAL DEPARTURE LAST
                VALUE   (LST)  VALUE       VALUE  FROM      YEAR
                                                  NORMAL
..................................................................
TEMPERATURE (F)
 TODAY
  MAXIMUM         69        MM  80    2004  60      9       64
  MINIMUM         47        MM  23    2002  38      9       36
  AVERAGE         58

PRECIPITATION (IN)
  TODAY            0.00          0.15 2007   0.07  -0.07     0.00
  MONTH TO DATE    0.01                      0.25  -0.24     0.00
  SINCE MAR 1      0.87                      2.47  -1.60     1.72
  SINCE JAN 1      1.51                      3.24  -1.73     2.08

DEGREE DAYS
 HEATING
  TODAY            7                        16     -9       15
  MONTH TO DATE   30                        66    -36       64
  SINCE MAR 1   1285                      1670   -385     1722
  SINCE JUL 1   5981                      6910   -929     6966

 COOLING
  TODAY            0                         0      0        0
  MONTH TO DATE    0                         0      0        0
  SINCE MAR 1      0                         0      0        0
  SINCE JAN 1      0                         0      0        0
..................................................................


WIND (MPH)
  HIGHEST WIND SPEED    16   HIGHEST WIND DIRECTION    SE (140)
  HIGHEST GUST SPEED    22   HIGHEST GUST DIRECTION    SE (140)
  AVERAGE WIND SPEED    12.2


SKY COVER
  POSSIBLE SUNSHINE  MM
  AVERAGE SKY COVER 0.7


WEATHER CONDITIONS
 THE FOLLOWING WEATHER WAS RECORDED TODAY.
  NO SIGNIFICANT WEATHER WAS OBSERVED.


RELATIVE HUMIDITY (PERCENT)
 HIGHEST    80          1200 AM
 LOWEST     39           300 PM
 AVERAGE    60

..........................................................


THE BUFFALO WY CLIMATE NORMALS FOR TOMORROW
                         NORMAL    RECORD    YEAR
 MAXIMUM TEMPERATURE (F)   60        75      2004
 MINIMUM TEMPERATURE (F)   38        25      2006


SUNRISE AND SUNSET
MAY  4 2015...........SUNRISE   554 AM MDT   SUNSET   814 PM MDT
MAY  5 2015...........SUNRISE   552 AM MDT   SUNSET   816 PM MDT


-  INDICATES NEGATIVE NUMBERS.
R  INDICATES RECORD WAS SET OR TIED.
MM INDICATES DATA IS MISSING.
T  INDICATES TRACE AMOUNT.




$$
