000
CDUS45 KTFX 062227
CLIBZN


CLIMATE REPORT
NATIONAL WEATHER SERVICE GREAT FALLS MT
426 PM MDT WED MAY 6 2015


...................................

...THE BOZEMAN/GALLATIN FIELD MT CLIMATE SUMMARY FOR MAY 6 2015...
VALID TODAY AS OF 0400 PM LOCAL TIME.

CLIMATE NORMAL PERIOD 1981 TO 2010
CLIMATE RECORD PERIOD 1935 TO 2015


WEATHER ITEM   OBSERVED TIME   RECORD YEAR NORMAL DEPARTURE LAST
                VALUE   (LST)  VALUE       VALUE  FROM      YEAR
                                                  NORMAL
..................................................................
TEMPERATURE (F)
 TODAY
  MAXIMUM         56    259 PM  86    1992  66    -10       51
  MINIMUM         42    758 AM  20    1999  36      6       36
                                      1968
  AVERAGE         49                        51     -2       44

PRECIPITATION (IN)
  TODAY            T             0.97 1988   0.06  -0.06     0.07
  MONTH TO DATE    T                         0.38  -0.38     0.24
  SINCE OCT 1      4.56                      6.21  -1.65     4.67
  SINCE JAN 1      2.63                      3.83  -1.20     3.62

SNOWFALL (IN)
  TODAY            0.0           9.0  1965   0.2   -0.2      0.0
  MONTH TO DATE    0.0                       0.8   -0.8      0.0
  SINCE MAR 1      7.0                      16.0   -9.0      7.3
  SINCE JUL 1     37.4                      38.3   -0.9     32.3
  SNOW DEPTH       0

DEGREE DAYS
 HEATING
  TODAY           16                        14      2       21
  MONTH TO DATE   77                        89    -12       90
  SINCE MAR 1   1519                      1570    -51     1733
  SINCE JUL 1   7101                      7150    -49     7748

 COOLING
  TODAY            0                         0      0        0
  MONTH TO DATE    0                         0      0        0
  SINCE MAR 1      0                         0      0        0
  SINCE JAN 1      0                         0      0        0
..................................................................


WIND (MPH)
  HIGHEST WIND SPEED    23   HIGHEST WIND DIRECTION     W (270)
  HIGHEST GUST SPEED    28   HIGHEST GUST DIRECTION     W (270)
  AVERAGE WIND SPEED     7.2


SKY COVER
  AVERAGE SKY COVER 0.9


WEATHER CONDITIONS
 THE FOLLOWING WEATHER WAS RECORDED TODAY.
  LIGHT RAIN


RELATIVE HUMIDITY (PERCENT)
 HIGHEST    76           600 AM
 LOWEST     41           300 PM
 AVERAGE    59

..........................................................


THE BOZEMAN/GALLATIN FIELD MT CLIMATE NORMALS FOR TOMORROW
                         NORMAL    RECORD    YEAR
 MAXIMUM TEMPERATURE (F)   66        84      1987
 MINIMUM TEMPERATURE (F)   37        20      2001


SUNRISE AND SUNSET
MAY  6 2015...........SUNRISE   605 AM MDT   SUNSET   838 PM MDT
MAY  7 2015...........SUNRISE   604 AM MDT   SUNSET   839 PM MDT


-  INDICATES NEGATIVE NUMBERS.
R  INDICATES RECORD WAS SET OR TIED.
MM INDICATES DATA IS MISSING.
T  INDICATES TRACE AMOUNT.




$$
