000
CDUS45 KABQ 260829
CLICAO


CLIMATE REPORT
NATIONAL WEATHER SERVICE ALBUQUERQUE NM
228 AM MDT SUN APR 26 2015


...................................

...THE CLAYTON  NM CLIMATE SUMMARY FOR APRIL 25 2015...

CLIMATE NORMAL PERIOD 1981 TO 2010
CLIMATE RECORD PERIOD 1896 TO 2015


WEATHER ITEM   OBSERVED TIME   RECORD YEAR NORMAL DEPARTURE
                VALUE   (LST)  VALUE       VALUE  FROM
                                                  NORMAL
...............................................................
TEMPERATURE (F)
 YESTERDAY
  MAXIMUM         76    149 PM  90    2012  70      6
  MINIMUM         42    510 AM  22    1950  41      1
  AVERAGE         59                        55      4

PRECIPITATION (IN)
  YESTERDAY        0.00          0.39 2004   0.04  -0.04
  MONTH TO DATE    0.58                      0.76  -0.18
  SINCE MAR 1      0.99                      1.71  -0.72
  SINCE JAN 1      4.01                      2.33   1.68

SNOWFALL (IN)
  YESTERDAY        0.0
  MONTH TO DATE    0.0
  SINCE MAR 1      0.9
  SINCE JUL 1     26.1

DEGREE DAYS
 HEATING
  YESTERDAY        6                        10     -4
  MONTH TO DATE  251                       338    -87
  SINCE MAR 1    758                       982   -224
  SINCE JUL 1   4201                      4659   -458

 COOLING
  YESTERDAY        0                         0      0
  MONTH TO DATE    0                         0      0
  SINCE MAR 1      0                         1     -1
  SINCE JAN 1      0                         1     -1
...............................................................


WIND (MPH)
  HIGHEST WIND SPEED    22   HIGHEST WIND DIRECTION     S (160)
  HIGHEST GUST SPEED    27   HIGHEST GUST DIRECTION     S (170)
  AVERAGE WIND SPEED    10.8


SKY COVER
  AVERAGE SKY COVER 0.2


WEATHER CONDITIONS
 THE FOLLOWING WEATHER WAS RECORDED YESTERDAY.
  NO SIGNIFICANT WEATHER WAS OBSERVED.


RELATIVE HUMIDITY (PERCENT)
 HIGHEST    49           600 AM
 LOWEST     15          1200 PM
 AVERAGE    32

..........................................................


THE CLAYTON  NM CLIMATE NORMALS FOR TODAY
                         NORMAL    RECORD    YEAR
 MAXIMUM TEMPERATURE (F)   70        90      1927
 MINIMUM TEMPERATURE (F)   41        21      1924


SUNRISE AND SUNSET
APRIL 26 2015.........SUNRISE   605 AM MDT   SUNSET   736 PM MDT
APRIL 27 2015.........SUNRISE   604 AM MDT   SUNSET   737 PM MDT


-  INDICATES NEGATIVE NUMBERS.
R  INDICATES RECORD WAS SET OR TIED.
MM INDICATES DATA IS MISSING.
T  INDICATES TRACE AMOUNT.




$$
