000
CDUS41 KCAR 202026
CLICAR


CLIMATE REPORT
NATIONAL WEATHER SERVICE CARIBOU, ME
426 PM EDT MON APR 20 2015


...................................

...THE CARIBOU ME CLIMATE SUMMARY FOR APRIL 20 2015...
VALID TODAY AS OF 0400 PM LOCAL TIME.

CLIMATE NORMAL PERIOD 1981 TO 2010
CLIMATE RECORD PERIOD 1939 TO 2015


WEATHER ITEM   OBSERVED TIME   RECORD YEAR NORMAL DEPARTURE LAST
                VALUE   (LST)  VALUE       VALUE  FROM      YEAR
                                                  NORMAL
..................................................................
TEMPERATURE (F)
 TODAY
  MAXIMUM         52    206 PM  76    1987  50      2       48
  MINIMUM         25    247 AM  15    1947  32     -7       28
  AVERAGE         39                        41     -2       38

PRECIPITATION (IN)
  TODAY            0.00          0.83 1978   0.09  -0.09     0.00
  MONTH TO DATE    1.24                      1.78  -0.54     2.46
  SINCE MAR 1      2.89                      4.29  -1.40     5.90
  SINCE JAN 1      6.99                      9.21  -2.22    12.12

SNOWFALL (IN)
  TODAY            0.0           4.8  2011   0.2   -0.2      0.0
  MONTH TO DATE    8.5                       6.3    2.2      5.9
  SINCE MAR 1     33.4                      24.6    8.8     48.0
  SINCE JUL 1    141.7                     107.1   34.6    147.4
  SNOW DEPTH       T

DEGREE DAYS
 HEATING
  TODAY           26                        24      2       27
  MONTH TO DATE  619                       580     39      588
  SINCE MAR 1   2021                      1834    187     2128
  SINCE JUL 1   8762                      8555    207     8782

 COOLING
  TODAY            0                         0      0        0
  MONTH TO DATE    0                         0      0        0
  SINCE MAR 1      0                         0      0        0
  SINCE JAN 1      0                         0      0        0
..................................................................


WIND (MPH)
  HIGHEST WIND SPEED    20   HIGHEST WIND DIRECTION     S (160)
  HIGHEST GUST SPEED    25   HIGHEST GUST DIRECTION     S (170)
  AVERAGE WIND SPEED     6.7


SKY COVER
  POSSIBLE SUNSHINE  MM
  AVERAGE SKY COVER 0.0


WEATHER CONDITIONS
 THE FOLLOWING WEATHER WAS RECORDED TODAY.
  NO SIGNIFICANT WEATHER WAS OBSERVED.


RELATIVE HUMIDITY (PERCENT)
 HIGHEST    75           500 AM
 LOWEST     24          1200 PM
 AVERAGE    50

..........................................................


THE CARIBOU ME CLIMATE NORMALS FOR TOMORROW
                         NORMAL    RECORD    YEAR
 MAXIMUM TEMPERATURE (F)   51        82      1987
 MINIMUM TEMPERATURE (F)   32         8      1947


SUNRISE AND SUNSET
APRIL 20 2015.........SUNRISE   536 AM EDT   SUNSET   727 PM EDT
APRIL 21 2015.........SUNRISE   534 AM EDT   SUNSET   728 PM EDT


-  INDICATES NEGATIVE NUMBERS.
R  INDICATES RECORD WAS SET OR TIED.
MM INDICATES DATA IS MISSING.
T  INDICATES TRACE AMOUNT.




$$
