000
CDUS45 KSLC 050017
CLICDC


CLIMATE REPORT
NATIONAL WEATHER SERVICE SALT LAKE CITY UT
617 PM MDT MON MAY 4 2015


...................................

...THE CEDAR CITY UT CLIMATE SUMMARY FOR MAY 4 2015...
VALID TODAY AS OF 0500 PM LOCAL TIME.

CLIMATE NORMAL PERIOD 1981 TO 2010
CLIMATE RECORD PERIOD 1928 TO 2015


WEATHER ITEM   OBSERVED TIME   RECORD YEAR NORMAL DEPARTURE LAST
                VALUE   (LST)  VALUE       VALUE  FROM      YEAR
                                                  NORMAL
..................................................................
TEMPERATURE (F)
 TODAY
  MAXIMUM         67    312 PM  84    2004  68     -1       79
  MINIMUM         48    533 AM  24    1959  37     11       54
  AVERAGE         58                        52      6       67

PRECIPITATION (IN)
  TODAY            0.03          0.52 1950   0.03   0.00     0.00
  MONTH TO DATE    0.03                      0.11  -0.08     0.00
  SINCE OCT 1      5.85                      7.49  -1.64     3.99
  SINCE JAN 1      3.72                      4.38  -0.66     2.05

DEGREE DAYS
 HEATING
  TODAY            7                        13     -6        0
  MONTH TO DATE   22                        53    -31       30
  SINCE MAR 1   1190                      1377   -187     1264
  SINCE JUL 1   5028                      5939   -911     5851

 COOLING
  TODAY            0                         0      0        2
  MONTH TO DATE    0                         0      0        2
  SINCE MAR 1      0                         0      0        2
  SINCE JAN 1      0                         0      0        2
..................................................................


WIND (MPH)
  RESULTANT WIND SPEED   5   RESULTANT WIND DIRECTION  SE (140)
  HIGHEST WIND SPEED    21   HIGHEST WIND DIRECTION     E (110)
  HIGHEST GUST SPEED    29   HIGHEST GUST DIRECTION    SW (240)
  AVERAGE WIND SPEED    10.1



WEATHER CONDITIONS
 THE FOLLOWING WEATHER WAS RECORDED TODAY.
  THUNDERSTORM
  LIGHT RAIN


RELATIVE HUMIDITY (PERCENT)
 HIGHEST    80           400 AM
 LOWEST     39           200 PM
 AVERAGE    60

..........................................................


THE CEDAR CITY UT CLIMATE NORMALS FOR TOMORROW
                         NORMAL    RECORD    YEAR
 MAXIMUM TEMPERATURE (F)   68        83      1989
 MINIMUM TEMPERATURE (F)   37        24      2011
                                             1950


SUNRISE AND SUNSET
MAY  4 2015...........SUNRISE   634 AM MDT   SUNSET   825 PM MDT
MAY  5 2015...........SUNRISE   633 AM MDT   SUNSET   826 PM MDT


-  INDICATES NEGATIVE NUMBERS.
R  INDICATES RECORD WAS SET OR TIED.
MM INDICATES DATA IS MISSING.
T  INDICATES TRACE AMOUNT.




$$
