000
CDUS44 KLUB 260127
CLICDS


CLIMATE REPORT
NATIONAL WEATHER SERVICE LUBBOCK, TX
826 PM CDT SAT APR 25 2015


...................................

...THE CHILDRESS CLIMATE SUMMARY FOR APRIL 25 2015...
VALID TODAY AS OF 0800 PM LOCAL TIME.

CLIMATE NORMAL PERIOD 1981 TO 2010
CLIMATE RECORD PERIOD 1893 TO 2015


WEATHER ITEM   OBSERVED TIME   RECORD YEAR NORMAL DEPARTURE LAST
                VALUE   (LST)  VALUE       VALUE  FROM      YEAR
                                                  NORMAL
..................................................................
TEMPERATURE (F)
 TODAY
  MAXIMUM         87    357 PM 106    2012  79      8       90
  MINIMUM         56    631 AM  37    2013  51      5       49
  AVERAGE         72                        65      7       70

PRECIPITATION (IN)
  TODAY            0.00          2.28 1997   0.08  -0.08     0.00
  MONTH TO DATE    2.41                      1.68   0.73     1.51
  SINCE MAR 1      2.55                      3.21  -0.66     1.97
  SINCE JAN 1      3.72                      4.99  -1.27     2.33

SNOWFALL (IN)
  TODAY            0.0                       0.0    0.0      0.0
  MONTH TO DATE    0.0                       0.2   -0.2      0.0
  SINCE MAR 1      0.0                       0.6   -0.6       T
  SINCE JUL 1      2.0                       7.0   -5.0      9.5
  SNOW DEPTH       0

DEGREE DAYS
 HEATING
  TODAY            0                         3     -3        0
  MONTH TO DATE   72                       139    -67      131
  SINCE MAR 1    406                       514   -108      589
  SINCE JUL 1   2903                      3074   -171     3405

 COOLING
  TODAY            7                         3      4        5
  MONTH TO DATE   77                        53     24       61
  SINCE MAR 1     94                        71     23       71
  SINCE JAN 1     94                        72     22       71
..................................................................


WIND (MPH)
  RESULTANT WIND SPEED  13   RESULTANT WIND DIRECTION   W (270)
  HIGHEST WIND SPEED    22   HIGHEST WIND DIRECTION    SW (240)
  HIGHEST GUST SPEED    29   HIGHEST GUST DIRECTION    SW (240)
  AVERAGE WIND SPEED    14.3


SKY COVER
  AVERAGE SKY COVER 0.0


WEATHER CONDITIONS
 THE FOLLOWING WEATHER WAS RECORDED TODAY.
  NO SIGNIFICANT WEATHER WAS OBSERVED.


RELATIVE HUMIDITY (PERCENT)
 HIGHEST    51           300 AM
 LOWEST     13           400 PM
 AVERAGE    32

..........................................................


THE CHILDRESS CLIMATE NORMALS FOR TOMORROW
                         NORMAL    RECORD    YEAR
 MAXIMUM TEMPERATURE (F)   79       101      1959
 MINIMUM TEMPERATURE (F)   52        33      1907


SUNRISE AND SUNSET
APRIL 25 2015.........SUNRISE   658 AM CDT   SUNSET   821 PM CDT
APRIL 26 2015.........SUNRISE   657 AM CDT   SUNSET   821 PM CDT


-  INDICATES NEGATIVE NUMBERS.
R  INDICATES RECORD WAS SET OR TIED.
MM INDICATES DATA IS MISSING.
T  INDICATES TRACE AMOUNT.




$$
