000
CDUS44 KMRX 272127
CLICHA

CLIMATE REPORT NATIONAL WEATHER SERVICE MORRISTOWN TN
527 PM EDT MON APR 27 2015

...................................

...THE CHATTANOOGA CLIMATE SUMMARY FOR APRIL 27 2015... VALID TODAY
AS OF 500 PM LOCAL TIME.

CLIMATE NORMAL PERIOD 1981 TO 2010
CLIMATE RECORD PERIOD 1879 TO 2015


WEATHER ITEM   OBSERVED TIME   RECORD YEAR NORMAL DEPARTURE LAST
                VALUE   (LST)  VALUE       VALUE  FROM      YEAR
                                                  NORMAL
..................................................................
TEMPERATURE (F)
 TODAY
  MAXIMUM         68    357 PM  92    1986  76     -8       85
  MINIMUM         46    637 AM  34    1972  52     -6       53
  AVERAGE         57                        64     -7       69

PRECIPITATION (IN)
  TODAY            0.00          2.15 1912   0.14  -0.14     0.16
  MONTH TO DATE    9.23                      3.61   5.62     3.16
  SINCE MAR 1     13.40                      8.59   4.81     5.54
  SINCE JAN 1     20.39                     18.34   2.05    13.13

SNOWFALL (IN)
  TODAY            0.0                       0.0    0.0      0.0
  MONTH TO DATE    0.0                       0.1   -0.1      0.0
  SINCE MAR 1      0.0                       1.3   -1.3       T
  SINCE JUL 1      9.5                       3.9    5.6      8.4
  SNOW DEPTH       0

DEGREE DAYS
 HEATING
  TODAY            8                         3      5        0
  MONTH TO DATE   82                       166    -84      120
  SINCE MAR 1    401                       570   -169      555
  SINCE JUL 1   3234                      3192     42     3349

 COOLING
  TODAY            0                         2     -2        4
  MONTH TO DATE   45                        34     11       22
  SINCE MAR 1     47                        41      6       22
  SINCE JAN 1     47                        41      6       22
..................................................................


WIND (MPH)
  HIGHEST WIND SPEED    17   HIGHEST WIND DIRECTION    NE (30)
  HIGHEST GUST SPEED    24   HIGHEST GUST DIRECTION     N (20)
  AVERAGE WIND SPEED     5.8


SKY COVER
  POSSIBLE SUNSHINE  MM
  AVERAGE SKY COVER 0.3


WEATHER CONDITIONS
 THE FOLLOWING WEATHER WAS RECORDED TODAY.
  FOG


RELATIVE HUMIDITY (PERCENT)
 HIGHEST    93           200 AM
 LOWEST     32           300 PM
 AVERAGE    63

..........................................................


THE CHATTANOOGA  ASOS CLIMATE NORMALS FOR TOMORROW
                         NORMAL    RECORD    YEAR
 MAXIMUM TEMPERATURE (F)   76        88      1957
                                             1956
 MINIMUM TEMPERATURE (F)   52        34      1967


SUNRISE AND SUNSET
APRIL 27 2015.........SUNRISE   655 AM EDT   SUNSET   823 PM EDT
APRIL 28 2015.........SUNRISE   653 AM EDT   SUNSET   824 PM EDT


-  INDICATES NEGATIVE NUMBERS.
R  INDICATES RECORD WAS SET OR TIED.
MM INDICATES DATA IS MISSING.
T  INDICATES TRACE AMOUNT.




$$
