000
CDUS42 KGSP 070637
CLICLT

CLIMATE REPORT
NATIONAL WEATHER SERVICE GREENVILLE-SPARTANBURG SC
234 AM EDT THU MAY 7 2015

...................................

...THE CHARLOTTE NC CLIMATE SUMMARY FOR MAY 6 2015...

CLIMATE NORMAL PERIOD 1981 TO 2010
CLIMATE RECORD PERIOD 1878 TO 2015


WEATHER ITEM   OBSERVED TIME   RECORD YEAR NORMAL DEPARTURE LAST
                VALUE   (LST)  VALUE       VALUE  FROM      YEAR
                                                  NORMAL
..................................................................
TEMPERATURE (F)
 YESTERDAY
  MAXIMUM         84    217 PM  93    1950  77      7       86
  MINIMUM         53    543 AM  39    1891  53      0       53
  AVERAGE         69                        65      4       70

PRECIPITATION (IN)
  YESTERDAY        0.00          1.60 2013   0.09  -0.09     0.00
  MONTH TO DATE    0.00                      0.58  -0.58     0.00
  SINCE MAR 1      8.33                      7.63   0.70    11.82
  SINCE JAN 1     14.15                     14.36  -0.21    18.74

SNOWFALL (IN)
  YESTERDAY        0.0           0.0    MM   0.0    0.0      0.0
  MONTH TO DATE    0.0                       0.0    0.0      0.0
  SINCE MAR 1      0.0                       0.6   -0.6       T
  SINCE JUL 1      3.1                       4.3   -1.2      9.3
  SNOW DEPTH       0

DEGREE DAYS
 HEATING
  YESTERDAY        0                         3     -3        0
  MONTH TO DATE   14                        19     -5       11
  SINCE MAR 1    482                       652   -170      697
  SINCE JUL 1   3253                      3351    -98     3373

 COOLING
  YESTERDAY        4                         2      2        5
  MONTH TO DATE   12                        12      0       14
  SINCE MAR 1     75                        49     26       52
  SINCE JAN 1     75                        49     26       53
..................................................................


WIND (MPH)
  HIGHEST WIND SPEED    15   HIGHEST WIND DIRECTION     E (100)
  HIGHEST GUST SPEED    21   HIGHEST GUST DIRECTION    SE (120)
  AVERAGE WIND SPEED     4.5


SKY COVER
  POSSIBLE SUNSHINE  MM
  AVERAGE SKY COVER 0.4


WEATHER CONDITIONS
 THE FOLLOWING WEATHER WAS RECORDED YESTERDAY.
  NO SIGNIFICANT WEATHER WAS OBSERVED.


RELATIVE HUMIDITY (PERCENT)
 HIGHEST    86           600 AM
 LOWEST     31           100 PM
 AVERAGE    59

..........................................................


THE CHARLOTTE NC CLIMATE NORMALS FOR TODAY
                         NORMAL    RECORD    YEAR
 MAXIMUM TEMPERATURE (F)   77        95      1940
 MINIMUM TEMPERATURE (F)   53        38      1891


SUNRISE AND SUNSET
MAY  7 2015...........SUNRISE   627 AM EDT   SUNSET   814 PM EDT
MAY  8 2015...........SUNRISE   626 AM EDT   SUNSET   815 PM EDT


-  INDICATES NEGATIVE NUMBERS.
R  INDICATES RECORD WAS SET OR TIED.
MM INDICATES DATA IS MISSING.
T  INDICATES TRACE AMOUNT.

$$
