000
CDUS46 KLOX 261101
CLICQT


CLIMATE REPORT
NATIONAL WEATHER SERVICE LOS ANGELES/OXNARD CA
401 AM PDT SUN APR 26 2015


...................................

...THE DOWNTOWN LOS ANGELES (USC) CA CLIMATE SUMMARY FOR APRIL 25 2015...

CLIMATE NORMAL PERIOD 1981 TO 2010
CLIMATE RECORD PERIOD 1877 TO 2015


WEATHER ITEM   OBSERVED TIME   RECORD YEAR NORMAL DEPARTURE LAST
                VALUE   (LST)  VALUE       VALUE  FROM      YEAR
                                                  NORMAL
..................................................................
TEMPERATURE (F)
 YESTERDAY
  MAXIMUM         66    412 PM  94    1898  74     -8       71
  MINIMUM         56    242 AM  42    1882  55      1       54
  AVERAGE         61                        64     -3       63

PRECIPITATION (IN)
  YESTERDAY        T             0.50 1959   0.02  -0.02     0.06
  MONTH TO DATE    0.13                      0.80  -0.67     0.35
  SINCE OCT 1      7.53                     14.18  -6.65     5.99
  SINCE JAN 1      2.92                     10.15  -7.23     5.11

SNOWFALL (IN)
  YESTERDAY        0.0
  MONTH TO DATE    0.0
  SINCE MAR 1      0.0
  SINCE JUL 1      0.0

DEGREE DAYS
 HEATING
  YESTERDAY        4                         3      1        2
  MONTH TO DATE   37                        87    -50       44
  SINCE MAR 1     66                       244   -178      107
  SINCE JUL 1    429                      1019   -590      584

 COOLING
  YESTERDAY        0                         2     -2        0
  MONTH TO DATE   35                        33      2       32
  SINCE MAR 1    172                        53    119       61
  SINCE JAN 1    229                        76    153       84
..................................................................


WIND (MPH)
  HIGHEST WIND SPEED    14   HIGHEST WIND DIRECTION     W (280)
  HIGHEST GUST SPEED    25   HIGHEST GUST DIRECTION     W (270)
  AVERAGE WIND SPEED     3.0


SKY COVER
  POSSIBLE SUNSHINE  MM
  AVERAGE SKY COVER 0.5


WEATHER CONDITIONS
 THE FOLLOWING WEATHER WAS RECORDED YESTERDAY.
  NO SIGNIFICANT WEATHER WAS OBSERVED.


RELATIVE HUMIDITY (PERCENT)
 HIGHEST    86           100 AM
 LOWEST     52          1000 AM
 AVERAGE    69

..........................................................


THE DOWNTOWN LOS ANGELES (USC) CA CLIMATE NORMALS FOR TODAY
                         NORMAL    RECORD    YEAR
 MAXIMUM TEMPERATURE (F)   74        99      2004
 MINIMUM TEMPERATURE (F)   55        42      1894
                                             1883


SUNRISE AND SUNSET
APRIL 26 2015.........SUNRISE   609 AM PDT   SUNSET   733 PM PDT
APRIL 27 2015.........SUNRISE   608 AM PDT   SUNSET   734 PM PDT


-  INDICATES NEGATIVE NUMBERS.
R  INDICATES RECORD WAS SET OR TIED.
MM INDICATES DATA IS MISSING.
T  INDICATES TRACE AMOUNT.




$$
