000
CDUS42 KILM 192043
CLICRE


CLIMATE REPORT
NATIONAL WEATHER SERVICE WILMINGTON NC
443 PM EDT SUN APR 19 2015


...................................

...THE NORTH MYRTLE BEACH SC CLIMATE SUMMARY FOR APRIL 19 2015...
VALID TODAY AS OF 0400 PM LOCAL TIME.

CLIMATE NORMAL PERIOD 1981 TO 2010
CLIMATE RECORD PERIOD 1949 TO 2015


WEATHER ITEM   OBSERVED TIME   RECORD YEAR NORMAL DEPARTURE LAST
                VALUE   (LST)  VALUE       VALUE  FROM      YEAR
                                                  NORMAL
..................................................................
TEMPERATURE (F)
 TODAY
  MAXIMUM         72    959 AM  82    1995  72      0       60
  MINIMUM         64    426 AM  32    2001  53     11       52
  AVERAGE         68                        62      6       56

PRECIPITATION (IN)
  TODAY            0.01                      0.10  -0.09     0.29
  MONTH TO DATE    1.91                      1.94  -0.03     1.64
  SINCE MAR 1      4.34                      5.86  -1.52     6.38
  SINCE JAN 1     11.53                     12.97  -1.44    10.50

SNOWFALL (IN)
  TODAY           MM
  MONTH TO DATE   MM
  SINCE MAR 1     MM
  SINCE JUL 1     MM
  SNOW DEPTH      MM

DEGREE DAYS
 HEATING
  TODAY            0                         4     -4        9
  MONTH TO DATE   30                       109    -79       83
  SINCE MAR 1    330                       447   -117      531
  SINCE JUL 1   2385                      2391     -6     2555

 COOLING
  TODAY            3                         1      2        0
  MONTH TO DATE   36                        15     21       15
  SINCE MAR 1     43                        18     25       15
  SINCE JAN 1     44                        18     26       15
..................................................................


WIND (MPH)
  HIGHEST WIND SPEED    14   HIGHEST WIND DIRECTION     E (100)
  HIGHEST GUST SPEED    20   HIGHEST GUST DIRECTION     E (110)
  AVERAGE WIND SPEED     6.1


SKY COVER
  POSSIBLE SUNSHINE  MM
  AVERAGE SKY COVER 0.7


WEATHER CONDITIONS
 THE FOLLOWING WEATHER WAS RECORDED TODAY.
  LIGHT RAIN


RELATIVE HUMIDITY (PERCENT)
 HIGHEST   100           300 AM
 LOWEST     84           900 AM
 AVERAGE    92

..........................................................


THE NORTH MYRTLE BEACH SC CLIMATE NORMALS FOR TOMORROW
                         NORMAL    RECORD    YEAR
 MAXIMUM TEMPERATURE (F)   72        87      1955
 MINIMUM TEMPERATURE (F)   53        32      1994


SUNRISE AND SUNSET
APRIL 19 2015.........SUNRISE   640 AM EDT   SUNSET   749 PM EDT
APRIL 20 2015.........SUNRISE   638 AM EDT   SUNSET   750 PM EDT


-  INDICATES NEGATIVE NUMBERS.
R  INDICATES RECORD WAS SET OR TIED.
MM INDICATES DATA IS MISSING.
T  INDICATES TRACE AMOUNT.




$$
