000
CDUS42 KCAE 040706
CLICUB


CLIMATE REPORT
NATIONAL WEATHER SERVICE COLUMBIA SC
305 AM EDT MON MAY 4 2015


...................................

...THE HAMILTON - OWENS AIRPORT SC CLIMATE SUMMARY FOR MAY 3 2015...

CLIMATE NORMAL PERIOD 1981 TO 2010
CLIMATE RECORD PERIOD 9999 TO 9999


WEATHER ITEM   OBSERVED TIME   NORMAL DEPARTURE LAST
                VALUE   (LST)  VALUE  FROM      YEAR
                                      NORMAL
......................................................
TEMPERATURE (F)
 YESTERDAY
  MAXIMUM         82    303 PM  81      1       78
  MINIMUM         51    531 AM  57     -6       52
  AVERAGE         67            69     -2       65

PRECIPITATION (IN)
  YESTERDAY        0.00          0.08  -0.08     0.00
  MONTH TO DATE    T             0.22  -0.22     0.02
  SINCE MAR 1      5.65          6.79  -1.14     6.65
  SINCE JAN 1     13.57         14.07  -0.50    13.03

DEGREE DAYS
 HEATING
  YESTERDAY        0             1     -1        0
  MONTH TO DATE    6             3      3        2
  SINCE MAR 1    255           375   -120      470
  SINCE JUL 1   2381          2304     77     2462

 COOLING
  YESTERDAY        2             5     -3        0
  MONTH TO DATE    2            14    -12        4
  SINCE MAR 1    136           110     26      102
  SINCE JAN 1    136           113     23      108
......................................................


WIND (MPH)
  HIGHEST WIND SPEED     9   HIGHEST WIND DIRECTION    SW (220)
  HIGHEST GUST SPEED    14   HIGHEST GUST DIRECTION    SW (230)
  AVERAGE WIND SPEED     1.5


SKY COVER
  AVERAGE SKY COVER 0.1


WEATHER CONDITIONS
 THE FOLLOWING WEATHER WAS RECORDED YESTERDAY.
  FOG
  HAZE


RELATIVE HUMIDITY (PERCENT)
 HIGHEST    89           300 AM
 LOWEST     28          1200 PM

..........................................................


THE HAMILTON - OWENS AIRPORT SC CLIMATE NORMALS FOR TODAY
                         NORMAL    RECORD    YEAR
 MAXIMUM TEMPERATURE (F)   81        MM        MM
 MINIMUM TEMPERATURE (F)   57        MM        MM


SUNRISE AND SUNSET
MAY  4 2015...........SUNRISE   632 AM EDT   SUNSET   810 PM EDT
MAY  5 2015...........SUNRISE   631 AM EDT   SUNSET   811 PM EDT


-  INDICATES NEGATIVE NUMBERS.
R  INDICATES RECORD WAS SET OR TIED.
MM INDICATES DATA IS MISSING.
T  INDICATES TRACE AMOUNT.




$$
