000
CDUS45 KCYS 050727
CLICYS


CLIMATE REPORT
NATIONAL WEATHER SERVICE CHEYENNE WY
127 AM MDT TUE MAY 5 2015


...................................

...THE CHEYENNE WYOMING AIRPORT CLIMATE SUMMARY FOR MAY 4 2015...

CLIMATE NORMAL PERIOD 1981 TO 2010
CLIMATE RECORD PERIOD 1871 TO 2015


WEATHER ITEM   OBSERVED TIME   RECORD YEAR NORMAL DEPARTURE LAST
                VALUE   (LST)  VALUE       VALUE  FROM      YEAR
                                                  NORMAL
..................................................................
TEMPERATURE (F)
 YESTERDAY
  MAXIMUM         57    233 PM  84    2000  61     -4       79
  MINIMUM         43   1149 PM  23    1950  36      7       45
                                      1874
  AVERAGE         50                        49      1       62

PRECIPITATION (IN)
  YESTERDAY        0.01          0.88 1908   0.07  -0.06     0.00
  MONTH TO DATE    0.23                      0.27  -0.04     0.00
  SINCE JAN 1      3.82                      3.90  -0.08     3.97

SNOWFALL (IN)
  YESTERDAY        0.0           9.0  1908   0.1   -0.1      0.0
  MONTH TO DATE    0.0                       0.6   -0.6      0.0
  SINCE JUL 1     50.1                      58.6   -8.5     78.7
  SNOW DEPTH       0

DEGREE DAYS
 HEATING
  YESTERDAY       15                        16     -1        3
  MONTH TO DATE   41                        67    -26       45
  SINCE MAR 1   1375                      1633   -258     1551
  SINCE JUL 1   6021                      6652   -631     6755

 COOLING
  YESTERDAY        0                         0      0        0
  MONTH TO DATE    0                         0      0        0
  SINCE MAR 1      0                         0      0        0
  SINCE JAN 1      0                         0      0        0
..................................................................


WIND (MPH)
  HIGHEST WIND SPEED    22   HIGHEST WIND DIRECTION    SE (140)
  HIGHEST GUST SPEED    27   HIGHEST GUST DIRECTION    SE (140)
  AVERAGE WIND SPEED    11.0


SKY COVER
  AVERAGE SKY COVER 1.0


WEATHER CONDITIONS
 THE FOLLOWING WEATHER WAS RECORDED YESTERDAY.
  LIGHT RAIN
  FOG


RELATIVE HUMIDITY (PERCENT)
 HIGHEST    92          1000 PM
 LOWEST     61           300 PM
 AVERAGE    77

..........................................................


THE CHEYENNE WYOMING AIRPORT CLIMATE NORMALS FOR TODAY
                         NORMAL    RECORD    YEAR
 MAXIMUM TEMPERATURE (F)   61        86      2000
 MINIMUM TEMPERATURE (F)   37        20      1917


SUNRISE AND SUNSET
MAY  5 2015...........SUNRISE   552 AM MDT   SUNSET   800 PM MDT
MAY  6 2015...........SUNRISE   551 AM MDT   SUNSET   801 PM MDT


-  INDICATES NEGATIVE NUMBERS.
R  INDICATES RECORD WAS SET OR TIED.
MM INDICATES DATA IS MISSING.
T  INDICATES TRACE AMOUNT.




$$
