000
CDUS46 KSGX 271416
CLICZZ


CLIMATE REPORT
NATIONAL WEATHER SERVICE SAN DIEGO, CA
716 AM PDT MON APR 27 2015


...................................

...THE CAMPO ASOS CA CLIMATE SUMMARY FOR APRIL 26 2015...

CLIMATE NORMAL PERIOD 1981 TO 2010
CLIMATE RECORD PERIOD 1948 TO 2015


WEATHER ITEM   OBSERVED TIME   RECORD YEAR NORMAL DEPARTURE LAST
                VALUE   (LST)  VALUE       VALUE  FROM      YEAR
                                                  NORMAL
..................................................................
TEMPERATURE (F)
 YESTERDAY
  MAXIMUM         67    224 PM  95    1996  75     -8       53
  MINIMUM         44   1108 PM  21    1974  39      5       44
  AVERAGE         56                        57     -1       49

PRECIPITATION (IN)
  YESTERDAY        0.00          0.65 1963   0.02  -0.02     0.37
  MONTH TO DATE    0.27                      0.87  -0.60     0.68
  SINCE OCT 1      6.62                     13.99  -7.37     5.00
  SINCE JAN 1      2.75                      9.77  -7.02     2.75

SNOWFALL (IN)
  YESTERDAY        0.0
  MONTH TO DATE    0.0
  SINCE MAR 1      0.0
  SINCE JUL 1      0.0
  SNOW DEPTH       0

DEGREE DAYS
 HEATING
  YESTERDAY        9                         8      1       16
  MONTH TO DATE  276                       269      7      236
  SINCE MAR 1    571                       686   -115      608
  SINCE JUL 1   2207                      2737   -530     2478

 COOLING
  YESTERDAY        0                         0      0        0
  MONTH TO DATE    0                         0      0        1
  SINCE MAR 1      0                         0      0        1
  SINCE JAN 1      0                         0      0        1
..................................................................


WIND (MPH)
  RESULTANT WIND SPEED   5   RESULTANT WIND DIRECTION  SW (240)
  HIGHEST WIND SPEED    18   HIGHEST WIND DIRECTION    SW (220)
  HIGHEST GUST SPEED    24   HIGHEST GUST DIRECTION     S (200)
  AVERAGE WIND SPEED     6.6


SKY COVER
  POSSIBLE SUNSHINE  MM
  AVERAGE SKY COVER 0.0



RELATIVE HUMIDITY (PERCENT)
 HIGHEST   100           200 AM
 LOWEST     45           200 PM
 AVERAGE    73

..........................................................


THE CAMPO ASOS CA CLIMATE NORMALS FOR TODAY
                         NORMAL    RECORD    YEAR
 MAXIMUM TEMPERATURE (F)   75        92      2004
                                             1996
 MINIMUM TEMPERATURE (F)   39        27      1975


SUNRISE AND SUNSET
APRIL 27 2015.........SUNRISE   603 AM PDT   SUNSET   724 PM PDT
APRIL 28 2015.........SUNRISE   602 AM PDT   SUNSET   725 PM PDT


-  INDICATES NEGATIVE NUMBERS.
R  INDICATES RECORD WAS SET OR TIED.
MM INDICATES DATA IS MISSING.
T  INDICATES TRACE AMOUNT.




$$
