000
CDUS43 KDVN 030930
CLIDBQ


CLIMATE REPORT
NATIONAL WEATHER SERVICE QUAD CITIES IA IL
426 AM CDT SUN MAY 3 2015


...................................

...THE DUBUQUE IA CLIMATE SUMMARY FOR MAY 2 2015...

CLIMATE NORMAL PERIOD 1981 TO 2010
CLIMATE RECORD PERIOD 1873 TO 2015


WEATHER ITEM   OBSERVED TIME   RECORD YEAR NORMAL DEPARTURE LAST
                VALUE   (LST)  VALUE       VALUE  FROM      YEAR
                                                  NORMAL
..................................................................
TEMPERATURE (F)
 YESTERDAY
  MAXIMUM         76    256 PM  88    1901  65     11       58
  MINIMUM         51    602 AM  24    2005  44      7       43
  AVERAGE         64                        54     10       51

PRECIPITATION (IN)
  YESTERDAY        0.03          1.45 1915   0.14  -0.11      T
  MONTH TO DATE    0.03                      0.27  -0.24     0.01
  SINCE MAR 1      2.73                      6.34  -3.61     7.14
  SINCE JAN 1      5.02                      8.95  -3.93     9.62

SNOWFALL (IN)
  YESTERDAY        0.0          MM      MM   0.0    0.0      0.0
  MONTH TO DATE    0.0                       0.0    0.0      0.0
  SINCE MAR 1      4.1                       8.3   -4.2     11.6
  SINCE JUL 1     33.7                      41.9   -8.2     63.3
  SNOW DEPTH       0

DEGREE DAYS
 HEATING
  YESTERDAY        1                        11    -10       14
  MONTH TO DATE   15                        22     -7       37
  SINCE MAR 1   1370                      1450    -80     1761
  SINCE JUL 1   7218                      6843    375     8137

 COOLING
  YESTERDAY        0                         0      0        0
  MONTH TO DATE    0                         0      0        0
  SINCE MAR 1      0                         5     -5        0
  SINCE JAN 1      0                         5     -5        0
..................................................................


WIND (MPH)
  HIGHEST WIND SPEED    25   HIGHEST WIND DIRECTION    SW (230)
  HIGHEST GUST SPEED    33   HIGHEST GUST DIRECTION    SW (230)
  AVERAGE WIND SPEED    12.4


SKY COVER
  POSSIBLE SUNSHINE  MM
  AVERAGE SKY COVER 0.4


WEATHER CONDITIONS
 THE FOLLOWING WEATHER WAS RECORDED YESTERDAY.
  LIGHT RAIN


RELATIVE HUMIDITY (PERCENT)
 HIGHEST    77          1100 PM
 LOWEST     31           200 PM
 AVERAGE    54

..........................................................


THE DUBUQUE IA CLIMATE NORMALS FOR TODAY
                         NORMAL    RECORD    YEAR
 MAXIMUM TEMPERATURE (F)   65        88      1949
                                             1918
 MINIMUM TEMPERATURE (F)   44        21      2005


SUNRISE AND SUNSET
MAY  3 2015...........SUNRISE   556 AM CDT   SUNSET   804 PM CDT
MAY  4 2015...........SUNRISE   554 AM CDT   SUNSET   806 PM CDT


-  INDICATES NEGATIVE NUMBERS.
R  INDICATES RECORD WAS SET OR TIED.
MM INDICATES DATA IS MISSING.
T  INDICATES TRACE AMOUNT.




$$
