000
CDUS43 KILX 070638
CLIDEC


CLIMATE REPORT
NATIONAL WEATHER SERVICE LINCOLN IL
137 AM CDT THU MAY 7 2015


...................................

...THE DECATUR IL AIRPORT CLIMATE SUMMARY FOR MAY 6 2015...

CLIMATE NORMAL PERIOD 1981 TO 2010
CLIMATE RECORD PERIOD 9999 TO 9999


WEATHER ITEM   OBSERVED TIME   RECORD YEAR NORMAL DEPARTURE LAST
                VALUE   (LST)  VALUE       VALUE  FROM      YEAR
                                                  NORMAL
..................................................................
TEMPERATURE (F)
 YESTERDAY
  MAXIMUM         86    222 PM  MM      MM  71     15       80
  MINIMUM         57    138 AM  MM      MM  48      9       50
  AVERAGE         72                        60     12       65

PRECIPITATION (IN)
  YESTERDAY        0.00         MM      MM   0.15  -0.15     0.00
  MONTH TO DATE    0.13                      0.96  -0.83      T
  SINCE MAR 1      3.76                      7.40  -3.64     5.94
  SINCE JAN 1      5.01                     11.12  -6.11     7.06

DEGREE DAYS
 HEATING
  YESTERDAY        0                         6     -6        0
  MONTH TO DATE   17                        40    -23       44
  SINCE MAR 1   1107                      1146    -39     1254
  SINCE JUL 1   5753                      5403    350     6066

 COOLING
  YESTERDAY        7                         1      6        0
  MONTH TO DATE   31                         6     25        0
  SINCE MAR 1     34                        20     14        1
  SINCE JAN 1     34                        20     14        1
..................................................................


WIND (MPH)
  HIGHEST WIND SPEED    20   HIGHEST WIND DIRECTION     S (200)
  HIGHEST GUST SPEED    27   HIGHEST GUST DIRECTION     S (200)
  AVERAGE WIND SPEED     9.7


SKY COVER
  POSSIBLE SUNSHINE  MM
  AVERAGE SKY COVER 0.3


WEATHER CONDITIONS
 THE FOLLOWING WEATHER WAS RECORDED YESTERDAY.
  NO SIGNIFICANT WEATHER WAS OBSERVED.


RELATIVE HUMIDITY (PERCENT)
 HIGHEST    84           500 AM
 LOWEST     31           300 PM
 AVERAGE    58

..........................................................


THE DECATUR IL AIRPORT CLIMATE NORMALS FOR TODAY
                         NORMAL    RECORD    YEAR
 MAXIMUM TEMPERATURE (F)   72        MM        MM
 MINIMUM TEMPERATURE (F)   49        MM        MM


SUNRISE AND SUNSET
MAY  7 2015...........SUNRISE   549 AM CDT   SUNSET   756 PM CDT
MAY  8 2015...........SUNRISE   548 AM CDT   SUNSET   756 PM CDT


-  INDICATES NEGATIVE NUMBERS.
R  INDICATES RECORD WAS SET OR TIED.
MM INDICATES DATA IS MISSING.
T  INDICATES TRACE AMOUNT.




$$
