000
CDUS45 KBOU 042329
CLIDEN


CLIMATE REPORT
NATIONAL WEATHER SERVICE DENVER CO
529 PM MDT MON MAY 4 2015


...................................

...THE DENVER CO CLIMATE SUMMARY FOR MAY 4 2015...
VALID TODAY AS OF 0500 PM LOCAL TIME.

CLIMATE NORMAL PERIOD 1981 TO 2010
CLIMATE RECORD PERIOD 1872 TO 2015


WEATHER ITEM   OBSERVED TIME   RECORD YEAR NORMAL DEPARTURE LAST
                VALUE   (LST)  VALUE       VALUE  FROM      YEAR
                                                  NORMAL
..................................................................
TEMPERATURE (F)
 TODAY
  MAXIMUM         60    126 PM  88    2012  67     -7       85
  MINIMUM         48    602 AM  27    1964  39      9       52
  AVERAGE         54                        53      1       69

PRECIPITATION (IN)
  TODAY            0.09          0.81 2001   0.07   0.02     0.00
  MONTH TO DATE    0.12                      0.28  -0.16     0.00
  SINCE MAR 1      3.56                      2.91   0.65     2.07
  SINCE JAN 1      5.19                      3.69   1.50     3.20

DEGREE DAYS
 HEATING
  TODAY           11                        12     -1        0
  MONTH TO DATE   26                        51    -25       25
  SINCE MAR 1   1118                      1343   -225     1236
  SINCE JUL 1   5231                      5782   -551     5755

 COOLING
  TODAY            0                         0      0        4
  MONTH TO DATE    0                         0      0        4
  SINCE MAR 1      0                         1     -1        4
  SINCE JAN 1      0                         1     -1        4
..................................................................


WIND (MPH)
  HIGHEST WIND SPEED    17   HIGHEST WIND DIRECTION    NE (60)
  HIGHEST GUST SPEED    20   HIGHEST GUST DIRECTION    NE (60)
  AVERAGE WIND SPEED     7.6


SKY COVER **
  POSSIBLE SUNSHINE  MM
  AVERAGE SKY COVER 0.9


WEATHER CONDITIONS
 THE FOLLOWING WEATHER WAS RECORDED TODAY.
  RAIN
  LIGHT RAIN
  FOG


RELATIVE HUMIDITY (PERCENT)
 HIGHEST    93           500 AM
 LOWEST     64           100 PM
 AVERAGE    79

..........................................................


THE DENVER CO CLIMATE NORMALS FOR TOMORROW
                         NORMAL    RECORD    YEAR
 MAXIMUM TEMPERATURE (F)   67        89      2000
 MINIMUM TEMPERATURE (F)   39        27      1917


SUNRISE AND SUNSET
MAY  4 2015...........SUNRISE   556 AM MST   SUNSET   755 PM MST
MAY  5 2015...........SUNRISE   555 AM MST   SUNSET   756 PM MST


-  INDICATES NEGATIVE NUMBERS.
R  INDICATES RECORD WAS SET OR TIED.
MM INDICATES DATA IS MISSING.
T  INDICATES TRACE AMOUNT.




$$
