000
CDUS46 KOTX 050831
CLIDEW


CLIMATE REPORT
NATIONAL WEATHER SERVICE SPOKANE, WA
131 AM PDT TUE MAY 5 2015


...................................

...THE DEER_PARK WA AIRPORT CLIMATE SUMMARY FOR MAY 4 2015...

CLIMATE NORMAL PERIOD 1981 TO 2010
CLIMATE RECORD PERIOD 9999 TO 9999


WEATHER ITEM   OBSERVED TIME   RECORD YEAR NORMAL DEPARTURE LAST
                VALUE   (LST)  VALUE       VALUE  FROM      YEAR
                                                  NORMAL
..................................................................
TEMPERATURE (F)
 YESTERDAY
  MAXIMUM         74    433 PM  MM      MM  63     11       62
  MINIMUM         28    420 AM  MM      MM  34     -6       46
  AVERAGE         51                        49      2       54

PRECIPITATION (IN)
  YESTERDAY        0.00         MM      MM   0.05  -0.05     0.07
  MONTH TO DATE    0.00                      0.19  -0.19     0.07
  SINCE OCT 1     13.81                     15.91  -2.10    13.84
  SINCE JAN 1      7.42                      8.09  -0.67    10.04

SNOWFALL (IN)
  YESTERDAY       MM

DEGREE DAYS
 HEATING
  YESTERDAY       14                        16     -2       11
  MONTH TO DATE   55                        66    -11       37
  SINCE MAR 1   1358                      1512   -154     1516
  SINCE JUL 1   5927                      6877   -950     6910

 COOLING
  YESTERDAY        0                         0      0        0
  MONTH TO DATE    0                         0      0        0
  SINCE MAR 1      0                         0      0        0
  SINCE JAN 1      0                         0      0        0
..................................................................


WIND (MPH)
  HIGHEST WIND SPEED    15   HIGHEST WIND DIRECTION     S (200)
  HIGHEST GUST SPEED    19   HIGHEST GUST DIRECTION     S (200)
  AVERAGE WIND SPEED     4.7


SKY COVER
  POSSIBLE SUNSHINE  MM
  AVERAGE SKY COVER 0.0


WEATHER CONDITIONS
 THE FOLLOWING WEATHER WAS RECORDED YESTERDAY.
  NO SIGNIFICANT WEATHER WAS OBSERVED.


RELATIVE HUMIDITY (PERCENT)
 HIGHEST    92           400 AM
 LOWEST     19           500 PM
 AVERAGE    56

..........................................................


THE DEER_PARK WA AIRPORT CLIMATE NORMALS FOR TODAY
                         NORMAL    RECORD    YEAR
 MAXIMUM TEMPERATURE (F)   64        MM        MM
 MINIMUM TEMPERATURE (F)   35        MM        MM


SUNRISE AND SUNSET
MAY  5 2015...........SUNRISE   525 AM PDT   SUNSET   808 PM PDT
MAY  6 2015...........SUNRISE   524 AM PDT   SUNSET   809 PM PDT


-  INDICATES NEGATIVE NUMBERS.
R  INDICATES RECORD WAS SET OR TIED.
MM INDICATES DATA IS MISSING.
T  INDICATES TRACE AMOUNT.




$$
