000
CDUS44 KAMA 252135
CLIDHT


CLIMATE REPORT
NATIONAL WEATHER SERVICE AMARILLO TX
434 PM CDT SAT APR 25 2015


...................................

...THE DALHART CLIMATE SUMMARY FOR APRIL 25 2015...
VALID TODAY AS OF 0400 PM LOCAL TIME.

CLIMATE NORMAL PERIOD 1981 TO 2010
CLIMATE RECORD PERIOD 1894 TO 2015


WEATHER ITEM   OBSERVED TIME   RECORD YEAR NORMAL DEPARTURE LAST
                VALUE   (LST)  VALUE       VALUE  FROM      YEAR
                                                  NORMAL
..................................................................
TEMPERATURE (F)
 TODAY
  MAXIMUM         78    255 PM  96    2012  72      6       87
  MINIMUM         41    505 AM  28    1950  41      0       39
  AVERAGE         60                        56      4       63

PRECIPITATION (IN)
  TODAY            0.00          1.45 1997   0.04  -0.04     0.00
  MONTH TO DATE    0.53                      0.86  -0.33     0.11
  SINCE MAR 1      0.61                      2.03  -1.42     0.20
  SINCE JAN 1      3.92                      2.95   0.97     0.29

SNOWFALL (IN)
  TODAY            0.0           1.5  1997   0.0    0.0      0.0
  MONTH TO DATE    0.0                       1.1   -1.1      1.0
  SINCE MAR 1      0.8                       5.3   -4.5      2.1
  SINCE JUL 1     34.1                      18.8   15.3     17.4
  SNOW DEPTH       0

DEGREE DAYS
 HEATING
  TODAY            5                         9     -4        2
  MONTH TO DATE  194                       307   -113      265
  SINCE MAR 1    677                       918   -241      854
  SINCE JUL 1   3970                      4561   -591     4448

 COOLING
  TODAY            0                         0      0        0
  MONTH TO DATE    1                         0      1       12
  SINCE MAR 1      1                         0      1       12
  SINCE JAN 1      1                         0      1       12
..................................................................


WIND (MPH)
  RESULTANT WIND SPEED   7   RESULTANT WIND DIRECTION   W (260)
  HIGHEST WIND SPEED    18   HIGHEST WIND DIRECTION     W (280)
  HIGHEST GUST SPEED    22   HIGHEST GUST DIRECTION     W (270)
  AVERAGE WIND SPEED    10.9


SKY COVER
  AVERAGE SKY COVER 0.0


WEATHER CONDITIONS
 THE FOLLOWING WEATHER WAS RECORDED TODAY.
  NO SIGNIFICANT WEATHER WAS OBSERVED.


RELATIVE HUMIDITY (PERCENT)
 HIGHEST    65           500 AM
 LOWEST     13           300 PM
 AVERAGE    39

..........................................................


THE DALHART CLIMATE NORMALS FOR TOMORROW
                         NORMAL    RECORD    YEAR
 MAXIMUM TEMPERATURE (F)   72        91      1959
 MINIMUM TEMPERATURE (F)   41        30      2006


SUNRISE AND SUNSET
APRIL 25 2015.........SUNRISE   705 AM CDT   SUNSET   832 PM CDT
APRIL 26 2015.........SUNRISE   704 AM CDT   SUNSET   833 PM CDT


-  INDICATES NEGATIVE NUMBERS.
R  INDICATES RECORD WAS SET OR TIED.
MM INDICATES DATA IS MISSING.
T  INDICATES TRACE AMOUNT.




$$
