000
CDUS43 KBIS 040728
CLIDIK


CLIMATE REPORT
NATIONAL WEATHER SERVICE BISMARCK ND
228 AM CDT MON MAY 4 2015


...................................

...THE DICKINSON ND CLIMATE SUMMARY FOR MAY 3 2015...

CLIMATE NORMAL PERIOD 1981 TO 2010
CLIMATE RECORD PERIOD 1893 TO 2015


WEATHER ITEM   OBSERVED TIME   RECORD YEAR NORMAL DEPARTURE LAST
                VALUE   (LST)  VALUE       VALUE  FROM      YEAR
                                                  NORMAL
..................................................................
TEMPERATURE (F)
 YESTERDAY
  MAXIMUM         64    354 PM  92    1985  62      2       51
  MINIMUM         34   1132 PM   4    1967  36     -2       36
  AVERAGE         49                        49      0       44

PRECIPITATION (IN)
  YESTERDAY        0.00          0.40 1963   0.07  -0.07      T
  MONTH TO DATE    0.00                      0.21  -0.21      T
  SINCE MAR 1      1.50                      2.37  -0.87     1.69
  SINCE JAN 1      1.77                      3.00  -1.23     1.86

DEGREE DAYS
 HEATING
  YESTERDAY       16                        16      0       21
  MONTH TO DATE   29                        50    -21       55
  SINCE MAR 1   1496                      1818   -322     2026
  SINCE JUL 1   7611                      8112   -501     8668

 COOLING
  YESTERDAY        0                         0      0        0
  MONTH TO DATE    0                         0      0        0
  SINCE MAR 1      0                         1     -1        0
  SINCE JAN 1      0                         1     -1        0
..................................................................


WIND (MPH)
  HIGHEST WIND SPEED    17   HIGHEST WIND DIRECTION    NW (320)
  HIGHEST GUST SPEED    24   HIGHEST GUST DIRECTION    NW (330)
  AVERAGE WIND SPEED     8.0


SKY COVER
  POSSIBLE SUNSHINE  MM
  AVERAGE SKY COVER 0.4


WEATHER CONDITIONS
 THE FOLLOWING WEATHER WAS RECORDED YESTERDAY.
  NO SIGNIFICANT WEATHER WAS OBSERVED.


RELATIVE HUMIDITY (PERCENT)
 HIGHEST    66           600 AM
 LOWEST     23           200 PM
 AVERAGE    45

..........................................................


THE DICKINSON ND CLIMATE NORMALS FOR TODAY
                         NORMAL    RECORD    YEAR
 MAXIMUM TEMPERATURE (F)   63        92      1926
 MINIMUM TEMPERATURE (F)   36         9      1967


SUNRISE AND SUNSET
MAY  4 2015...........SUNRISE   532 AM MDT   SUNSET   805 PM MDT
MAY  5 2015...........SUNRISE   530 AM MDT   SUNSET   806 PM MDT


-  INDICATES NEGATIVE NUMBERS.
R  INDICATES RECORD WAS SET OR TIED.
MM INDICATES DATA IS MISSING.
T  INDICATES TRACE AMOUNT.




$$
