000
CDUS45 KTFX 262221
CLIDLN


CLIMATE REPORT
NATIONAL WEATHER SERVICE GREAT FALLS MT
421 PM MDT SUN APR 26 2015


...................................

...THE DILLON AIRPORT MT CLIMATE SUMMARY FOR APRIL 26 2015...
VALID TODAY AS OF 0400 PM LOCAL TIME.

CLIMATE NORMAL PERIOD 1981 TO 2010
CLIMATE RECORD PERIOD 1929 TO 2015


WEATHER ITEM   OBSERVED TIME   RECORD YEAR NORMAL DEPARTURE LAST
                VALUE   (LST)  VALUE       VALUE  FROM      YEAR
                                                  NORMAL
..................................................................
TEMPERATURE (F)
 TODAY
  MAXIMUM         40    259 PM  80    1992  58    -18       44
  MINIMUM         33    813 AM  18    1948  31      2       35
  AVERAGE         37                        45     -8       40

PRECIPITATION (IN)
  TODAY            0.15          0.46 1975   0.03   0.12     0.29
  MONTH TO DATE    1.16                      0.87   0.29     1.13
  SINCE OCT 1      2.66                      3.35  -0.69     2.19
  SINCE JAN 1      1.50                      1.95  -0.45     1.70

SNOWFALL (IN)
  TODAY           MM
  SNOW DEPTH       0

DEGREE DAYS
 HEATING
  TODAY           28                        20      8       25
  MONTH TO DATE  616                       624     -8      573
  SINCE MAR 1   1337                      1574   -237     1497
  SINCE JUL 1   6449                      7491  -1042     7277

 COOLING
  TODAY            0                         0      0        0
  MONTH TO DATE    0                         0      0        0
  SINCE MAR 1      0                         0      0        0
  SINCE JAN 1      0                         0      0        0
..................................................................


WIND (MPH)
  HIGHEST WIND SPEED    18   HIGHEST WIND DIRECTION    NE (40)
  HIGHEST GUST SPEED    22   HIGHEST GUST DIRECTION    NE (30)
  AVERAGE WIND SPEED     6.8


SKY COVER
  AVERAGE SKY COVER 1.0


WEATHER CONDITIONS
 THE FOLLOWING WEATHER WAS RECORDED TODAY.
  LIGHT RAIN
  LIGHT SNOW
  FOG


RELATIVE HUMIDITY (PERCENT)
 HIGHEST    96
 LOWEST     82
 AVERAGE    89

..........................................................


THE DILLON AIRPORT MT CLIMATE NORMALS FOR TOMORROW
                         NORMAL    RECORD    YEAR
 MAXIMUM TEMPERATURE (F)   58        85      1987
 MINIMUM TEMPERATURE (F)   31        20      1984


SUNRISE AND SUNSET
APRIL 26 2015.........SUNRISE   627 AM MDT   SUNSET   830 PM MDT
APRIL 27 2015.........SUNRISE   625 AM MDT   SUNSET   831 PM MDT


-  INDICATES NEGATIVE NUMBERS.
R  INDICATES RECORD WAS SET OR TIED.
MM INDICATES DATA IS MISSING.
T  INDICATES TRACE AMOUNT.




$$
