000
CDUS43 KLOT 180633
CLIDPA


CLIMATE REPORT
NATIONAL WEATHER SERVICE CHICAGO IL
132 AM CDT SAT APR 18 2015


...................................

...THE DU PAGE  AIRPORT CLIMATE SUMMARY FOR APRIL 17 2015...

CLIMATE NORMAL PERIOD 1981 TO 2010
CLIMATE RECORD PERIOD 1997 TO 2015


WEATHER ITEM   OBSERVED TIME   RECORD YEAR NORMAL DEPARTURE LAST
                VALUE   (LST)  VALUE       VALUE  FROM      YEAR
                                                  NORMAL
..................................................................
TEMPERATURE (F)
 YESTERDAY
  MAXIMUM         78    244 PM  84    2002  62     16       61
  MINIMUM         44    517 AM  28    2001  38      6       38
  AVERAGE         61                        50     11       50

PRECIPITATION (IN)
  YESTERDAY        0.00          1.59        0.12  -0.12     0.00
  MONTH TO DATE    3.07                      1.68   1.39     1.11
  SINCE MAR 1      3.57                      4.04  -0.47     1.56
  SINCE JAN 1      5.40                      6.77  -1.37     2.78

SNOWFALL (IN)
  YESTERDAY        0.0
  MONTH TO DATE    0.0
  SINCE JUL 1     32.2

DEGREE DAYS
 HEATING
  YESTERDAY        4                        15    -11       15
  MONTH TO DATE  238                       307    -69      334
  SINCE MAR 1   1179                      1143     36     1424
  SINCE JUL 1   6371                      5898    473     7200

 COOLING
  YESTERDAY        0                         0      0        0
  MONTH TO DATE    0                         0      0        0
  SINCE MAR 1      0                         0      0        0
  SINCE JAN 1      0                         0      0        0
..................................................................


WIND (MPH)
  RESULTANT WIND SPEED   3   RESULTANT WIND DIRECTION  SW (230)
  HIGHEST WIND SPEED    13   HIGHEST WIND DIRECTION    SW (240)
  HIGHEST GUST SPEED    16   HIGHEST GUST DIRECTION    SW (240)
  AVERAGE WIND SPEED     3.8



WEATHER CONDITIONS
 THE FOLLOWING WEATHER WAS RECORDED YESTERDAY.
  FOG
  HAZE


..........................................................


THE DU PAGE  AIRPORT CLIMATE NORMALS FOR TODAY
                         NORMAL    RECORD    YEAR
 MAXIMUM TEMPERATURE (F)   62        88      2002
 MINIMUM TEMPERATURE (F)   38        27      2001


SUNRISE AND SUNSET
APRIL 18 2015.........SUNRISE   608 AM CDT   SUNSET   737 PM CDT
APRIL 19 2015.........SUNRISE   607 AM CDT   SUNSET   738 PM CDT


-  INDICATES NEGATIVE NUMBERS.
R  INDICATES RECORD WAS SET OR TIED.
MM INDICATES DATA IS MISSING.
T  INDICATES TRACE AMOUNT.




$$
