000
CDUS44 KEWX 202223
CLIDRT


CLIMATE REPORT
NATIONAL WEATHER SERVICE AUSTIN/SAN ANTONIO, TX
523 PM CDT MON APR 20 2015


...................................

...THE DEL RIO CLIMATE SUMMARY FOR APRIL 20 2015...
VALID TODAY AS OF 523 PM LOCAL TIME.

CLIMATE NORMAL PERIOD 1981 TO 2010
CLIMATE RECORD PERIOD 1906 TO 2015


WEATHER ITEM   OBSERVED TIME   RECORD YEAR NORMAL DEPARTURE LAST
                VALUE   (LST)  VALUE       VALUE  FROM      YEAR
                                                  NORMAL
..................................................................
TEMPERATURE (F)
 TODAY
  MAXIMUM         73    223 PM 106    1984  85    -12       76
  MINIMUM         61    635 AM  48    1953  61      0       65
  AVERAGE         67                        73     -6       71

PRECIPITATION (IN)
  TODAY            0.00          1.43 1987   0.06  -0.06     0.07
  MONTH TO DATE    1.01                      1.00   0.01     0.08
  SINCE MAR 1      3.22                      2.14   1.08     0.40
  SINCE JAN 1      4.21                      3.74   0.47     0.62

SNOWFALL (IN)
  TODAY            0.0
  MONTH TO DATE    0.0
  SINCE MAR 1      0.0
  SINCE JUL 1      0.0
  SNOW DEPTH       0

DEGREE DAYS
 HEATING
  TODAY            0                         1     -1        0
  MONTH TO DATE    2                        24    -22       14
  SINCE MAR 1    140                       138      2      148
  SINCE JUL 1   1467                      1374     93     1555

 COOLING
  TODAY            2                         8     -6        6
  MONTH TO DATE  144                       129     15      147
  SINCE MAR 1    215                       216     -1      231
  SINCE JAN 1    230                       235     -5      276
..................................................................


WIND (MPH)
  HIGHEST WIND SPEED    14   HIGHEST WIND DIRECTION    SE (150)
  HIGHEST GUST SPEED    18   HIGHEST GUST DIRECTION     S (160)
  AVERAGE WIND SPEED     7.9



WEATHER CONDITIONS
 THE FOLLOWING WEATHER WAS RECORDED TODAY.
  NO SIGNIFICANT WEATHER WAS OBSERVED.


RELATIVE HUMIDITY (PERCENT)
 HIGHEST    52           500 AM
 LOWEST     35           100 PM
 AVERAGE    44

..........................................................


THE DEL RIO CLIMATE NORMALS FOR TOMORROW
                         NORMAL    RECORD    YEAR
 MAXIMUM TEMPERATURE (F)   85        97      1997
                                             1995
 MINIMUM TEMPERATURE (F)   61        47      1953


SUNRISE AND SUNSET
APRIL 20 2015.........SUNRISE   712 AM CDT   SUNSET   813 PM CDT
APRIL 21 2015.........SUNRISE   711 AM CDT   SUNSET   814 PM CDT


-  INDICATES NEGATIVE NUMBERS.
R  INDICATES RECORD WAS SET OR TIED.
MM INDICATES DATA IS MISSING.
T  INDICATES TRACE AMOUNT.




$$
