000
CDUS43 KDTX 210536
CLIDTW


CLIMATE REPORT
NATIONAL WEATHER SERVICE DETROIT/PONTIAC MI
136 AM EDT TUE APR 21 2015


...................................

...THE DETROIT MI CLIMATE SUMMARY FOR APRIL 20 2015...

CLIMATE NORMAL PERIOD 1981 TO 2010
CLIMATE RECORD PERIOD 1874 TO 2015


WEATHER ITEM   OBSERVED TIME   RECORD YEAR NORMAL DEPARTURE LAST
                VALUE   (LST)  VALUE       VALUE  FROM      YEAR
                                                  NORMAL
..................................................................
TEMPERATURE (F)
 YESTERDAY
  MAXIMUM         66   1158 AM  82    1985  61      5       72
                                      1957
                                      1952
  MINIMUM         46   1159 PM  20    1897  41      5       37
  AVERAGE         56                        51      5       55

PRECIPITATION (IN)
  YESTERDAY        0.11          3.58 2000   0.10   0.01     0.00
  MONTH TO DATE    2.28                      1.93   0.35     1.22
  SINCE MAR 1      3.08                      4.21  -1.13     2.71
  SINCE JAN 1      5.88                      8.19  -2.31     8.45

SNOWFALL (IN)
  YESTERDAY        0.0           1.2  1947   0.0    0.0      0.0
  MONTH TO DATE    0.0                       1.5   -1.5      3.2
  SINCE MAR 1      2.8                       8.4   -5.6     15.7
  SINCE JUL 1     47.5                      42.3    5.2     94.9
  SNOW DEPTH       0

DEGREE DAYS
 HEATING
  YESTERDAY        9                        14     -5       10
  MONTH TO DATE  261                       355    -94      347
  SINCE MAR 1   1198                      1217    -19     1466
  SINCE JUL 1   6309                      5770    539     6716

 COOLING
  YESTERDAY        0                         0      0        0
  MONTH TO DATE    0                         0      0        0
  SINCE MAR 1      0                         0      0        0
  SINCE JAN 1      0                         0      0        0
..................................................................


WIND (MPH)
  HIGHEST WIND SPEED    39   HIGHEST WIND DIRECTION     S (200)
  HIGHEST GUST SPEED    48   HIGHEST GUST DIRECTION    SW (210)
  AVERAGE WIND SPEED    19.5


SKY COVER
  POSSIBLE SUNSHINE  MM
  AVERAGE SKY COVER 1.0


WEATHER CONDITIONS
 THE FOLLOWING WEATHER WAS RECORDED YESTERDAY.
  HEAVY RAIN
  RAIN
  LIGHT RAIN
  FOG


RELATIVE HUMIDITY (PERCENT)
 HIGHEST    89          1200 AM
 LOWEST     57           400 PM
 AVERAGE    73

..........................................................


THE DETROIT MI CLIMATE NORMALS FOR TODAY
                         NORMAL    RECORD    YEAR
 MAXIMUM TEMPERATURE (F)   62        86      1987
 MINIMUM TEMPERATURE (F)   41        21      1875


SUNRISE AND SUNSET
APRIL 21 2015.........SUNRISE   644 AM EDT   SUNSET   821 PM EDT
APRIL 22 2015.........SUNRISE   642 AM EDT   SUNSET   822 PM EDT


-  INDICATES NEGATIVE NUMBERS.
R  INDICATES RECORD WAS SET OR TIED.
MM INDICATES DATA IS MISSING.
T  INDICATES TRACE AMOUNT.




$$
