000
CDUS45 KTWC 210026
CLIDUG

CLIMATE REPORT
NATIONAL WEATHER SERVICE TUCSON AZ
525 PM MST MON APR 20 2015


...................................

...THE DOUGLAS AZ CLIMATE SUMMARY FOR APRIL 20 2015...
VALID TODAY AS OF 0500 PM LOCAL TIME.

CLIMATE NORMAL PERIOD 1981 TO 2010
CLIMATE RECORD PERIOD 1948 TO 2015


WEATHER ITEM   OBSERVED TIME   RECORD YEAR NORMAL DEPARTURE LAST
                VALUE   (LST)  VALUE       VALUE  FROM      YEAR
                                                  NORMAL
..................................................................
TEMPERATURE (F)
 TODAY
  MAXIMUM         81    240 PM  99    1989  81      0       79
  MINIMUM         42    602 AM  27    1995  44     -2       39
  AVERAGE         62                        62      0       59

PRECIPITATION (IN)
  TODAY            0.00                      0.01  -0.01     0.00
  MONTH TO DATE    0.35                      0.15   0.20     0.13
  SINCE OCT 1      4.75                      4.59   0.16     1.39
  SINCE JAN 1      2.78                      2.04   0.74     0.57

DEGREE DAYS
 HEATING
  TODAY            3                         4     -1        6
  MONTH TO DATE   97                       112    -15      101
  SINCE MAR 1    335                       437   -102      351
  SINCE JUL 1   2173                      2473   -300     2315

 COOLING
  TODAY            0                         1     -1        0
  MONTH TO DATE    0                         8     -8        7
  SINCE MAR 1      4                         9     -5        7
  SINCE JAN 1      4                         9     -5        7
..................................................................


WIND (MPH)
  HIGHEST WIND SPEED    16   HIGHEST WIND DIRECTION     S (190)
  HIGHEST GUST SPEED    20   HIGHEST GUST DIRECTION     S (180)
  AVERAGE WIND SPEED     4.8


SKY COVER
  POSSIBLE SUNSHINE  MM
  AVERAGE SKY COVER 0.0


WEATHER CONDITIONS
 THE FOLLOWING WEATHER WAS RECORDED TODAY.
  NO SIGNIFICANT WEATHER WAS OBSERVED.


RELATIVE HUMIDITY (PERCENT)
 HIGHEST    49
 LOWEST     11
 AVERAGE    30

..........................................................


THE DOUGLAS AZ CLIMATE NORMALS FOR TOMORROW
                         NORMAL    RECORD    YEAR
 MAXIMUM TEMPERATURE (F)   81        97      1989
 MINIMUM TEMPERATURE (F)   45        31      2002


SUNRISE AND SUNSET
APRIL 20 2015.........SUNRISE   545 AM MST   SUNSET   650 PM MST
APRIL 21 2015.........SUNRISE   544 AM MST   SUNSET   651 PM MST


-  INDICATES NEGATIVE NUMBERS.
R  INDICATES RECORD WAS SET OR TIED.
MM INDICATES DATA IS MISSING.
T  INDICATES TRACE AMOUNT.




$$
