000
CDUS46 KOTX 050831
CLIEAT


CLIMATE REPORT
NATIONAL WEATHER SERVICE SPOKANE, WA
131 AM PDT TUE MAY 5 2015


...................................

...THE WENATCHEE WA PANGBORN FIELD CLIMATE SUMMARY FOR MAY 4 2015...

CLIMATE NORMAL PERIOD 1981 TO 2010
CLIMATE RECORD PERIOD 1959 TO 2015


WEATHER ITEM   OBSERVED TIME   RECORD YEAR NORMAL DEPARTURE LAST
                VALUE   (LST)  VALUE       VALUE  FROM      YEAR
                                                  NORMAL
..................................................................
TEMPERATURE (F)
 YESTERDAY
  MAXIMUM         81    258 PM  89    1966  68     13       65
  MINIMUM         47    418 AM  32    1962  45      2       47
  AVERAGE         64                        56      8       56

PRECIPITATION (IN)
  YESTERDAY        0.00          0.30 2009   0.01  -0.01     0.01
  MONTH TO DATE    0.00                      0.05  -0.05     0.01
  SINCE OCT 1      5.66                      5.97  -0.31     2.70
  SINCE JAN 1      2.48                      3.02  -0.54     2.14

SNOWFALL (IN)
  YESTERDAY       MM

DEGREE DAYS
 HEATING
  YESTERDAY        1                         9     -8        9
  MONTH TO DATE   10                        39    -29       11
  SINCE MAR 1    805                      1091   -286      985
  SINCE JUL 1   4434                      5555  -1121     5555

 COOLING
  YESTERDAY        0                         0      0        0
  MONTH TO DATE    2                         0      2        6
  SINCE MAR 1      2                        38    -36        6
  SINCE JAN 1      2                        38    -36        6
..................................................................


WIND (MPH)
  HIGHEST WIND SPEED    32   HIGHEST WIND DIRECTION    NW (300)
  HIGHEST GUST SPEED    38   HIGHEST GUST DIRECTION    NW (300)
  AVERAGE WIND SPEED    11.5


SKY COVER
  POSSIBLE SUNSHINE  MM
  AVERAGE SKY COVER 0.1


WEATHER CONDITIONS
 THE FOLLOWING WEATHER WAS RECORDED YESTERDAY.
  NO SIGNIFICANT WEATHER WAS OBSERVED.


RELATIVE HUMIDITY (PERCENT)
 HIGHEST    56           500 AM
 LOWEST     15           300 PM
 AVERAGE    36

..........................................................


THE WENATCHEE WA PANGBORN FIELD CLIMATE NORMALS FOR TODAY
                         NORMAL    RECORD    YEAR
 MAXIMUM TEMPERATURE (F)   68        91      1966
 MINIMUM TEMPERATURE (F)   45        32      1968


SUNRISE AND SUNSET
MAY  5 2015...........SUNRISE   538 AM PDT   SUNSET   818 PM PDT
MAY  6 2015...........SUNRISE   537 AM PDT   SUNSET   819 PM PDT


-  INDICATES NEGATIVE NUMBERS.
R  INDICATES RECORD WAS SET OR TIED.
MM INDICATES DATA IS MISSING.
T  INDICATES TRACE AMOUNT.




$$
